{"id":813,"date":"2025-05-18T16:17:21","date_gmt":"2025-05-18T16:17:21","guid":{"rendered":"https:\/\/przeginia.wer.com.pl\/?page_id=813"},"modified":"2026-01-07T10:56:10","modified_gmt":"2026-01-07T10:56:10","slug":"zapytania-ofertowe-2","status":"publish","type":"page","link":"https:\/\/przeginia.edu.pl\/index.php\/zapytania-ofertowe-2\/","title":{"rendered":"Zapytania ofertowe"},"content":{"rendered":"<div class=\"wpb-content-wrapper\"><p>[vc_row][vc_column][vc_custom_heading text=&#8221;Zapytanie ofertowe&#8221; font_container=&#8221;tag:h2|text_align:center|color:%23FFFFFF&#8221; google_fonts=&#8221;font_family:Roboto%20Slab%3A100%2C300%2Cregular%2C700|font_style:400%20regular%3A400%3Anormal&#8221; css=&#8221;.vc_custom_1747584883286{margin-bottom: 40px !important;padding-top: 5px !important;padding-right: 5px !important;padding-bottom: 5px !important;padding-left: 5px !important;background: #932121 url(https:\/\/przeginia.edu.pl\/wp-content\/uploads\/2025\/04\/Juliusz_Kossak_Sobieski_pod_Wiedniem-kopia.jpeg?id=84) !important;background-position: center !important;background-repeat: no-repeat !important;background-size: cover !important;border-radius: 35px !important;}&#8221;][\/vc_column][\/vc_row][vc_row][vc_column width=&#8221;1\/3&#8243;]<style type=\"text\/css\" data-type=\"the7_shortcodes-inline-css\">#default-btn-23c7c232e14b121d0a06eaefd3963daa {\n  border-radius: 10px;\n  font-size: 14px;\n  line-height: 16px;\n}\n.btn-shadow#default-btn-23c7c232e14b121d0a06eaefd3963daa {\n  box-shadow: 0 1px 6px rgba(0,0,0,0.12);\n  transition: box-shadow 0.2s ease-out, opacity 0.45s;\n}\n.btn-shadow#default-btn-23c7c232e14b121d0a06eaefd3963daa:hover {\n  box-shadow: 0 5px 11px 0 rgba(0,0,0,0.18), 0 4px 15px 0 rgba(0,0,0,0.15);\n}\n.btn-3d#default-btn-23c7c232e14b121d0a06eaefd3963daa {\n  box-shadow: 0px 2px 0px 0px #e0e0e0;\n}\n.btn-3d#default-btn-23c7c232e14b121d0a06eaefd3963daa:hover {\n  box-shadow: 0px 2px 0px 0px rgba(85,49,34,0);\n}\n.btn-flat#default-btn-23c7c232e14b121d0a06eaefd3963daa {\n  box-shadow: none;\n}\n.btn-flat#default-btn-23c7c232e14b121d0a06eaefd3963daa:hover {\n  box-shadow: none;\n}\n#default-btn-23c7c232e14b121d0a06eaefd3963daa.ico-right-side > i {\n  margin-right: 0px;\n  margin-left: 8px;\n}\n#default-btn-23c7c232e14b121d0a06eaefd3963daa > i {\n  margin-right: 8px;\n  font-size: 50px;\n}\n#default-btn-23c7c232e14b121d0a06eaefd3963daa:not(:hover) {\n  border-width: 1px;\n  border-color: #D6D6D6FA !important;\n  color: #000000;\n  background: #FFFFFF !important;\n  padding: 20px 18px 20px 18px;\n}\n#default-btn-23c7c232e14b121d0a06eaefd3963daa:not(:hover) * {\n  color: #000000;\n}\n#default-btn-23c7c232e14b121d0a06eaefd3963daa:hover {\n  border-width: 1px;\n  color: #000000;\n  background: #93442121 !important;\n  padding: 20px 18px 20px 18px;\n}\n#default-btn-23c7c232e14b121d0a06eaefd3963daa:hover * {\n  color: #000000;\n}\n#default-btn-23c7c232e14b121d0a06eaefd3963daa.ico-right-side > i {\n  margin-right: 0px;\n  margin-left: 8px;\n}\n#default-btn-23c7c232e14b121d0a06eaefd3963daa > i {\n  margin-right: 8px;\n}<\/style><div class=\"btn-align-center\"><a href=\"#\" class=\"default-btn-shortcode dt-btn fadeIn animate-element animation-builder link-hover-off anchor-link btn-shadow  vc_custom_1767783265298\" id=\"default-btn-23c7c232e14b121d0a06eaefd3963daa\" style=\"width:500px;\"><span>Informacja z otwarcia ofert<\/span><\/a><\/div>[\/vc_column][vc_column width=&#8221;1\/3&#8243;]<style type=\"text\/css\" data-type=\"the7_shortcodes-inline-css\">#default-btn-7c27a725a9c25809294a8aa326c3884a {\n  border-radius: 10px;\n  font-size: 14px;\n  line-height: 16px;\n}\n.btn-shadow#default-btn-7c27a725a9c25809294a8aa326c3884a {\n  box-shadow: 0 1px 6px rgba(0,0,0,0.12);\n  transition: box-shadow 0.2s ease-out, opacity 0.45s;\n}\n.btn-shadow#default-btn-7c27a725a9c25809294a8aa326c3884a:hover {\n  box-shadow: 0 5px 11px 0 rgba(0,0,0,0.18), 0 4px 15px 0 rgba(0,0,0,0.15);\n}\n.btn-3d#default-btn-7c27a725a9c25809294a8aa326c3884a {\n  box-shadow: 0px 2px 0px 0px #e0e0e0;\n}\n.btn-3d#default-btn-7c27a725a9c25809294a8aa326c3884a:hover {\n  box-shadow: 0px 2px 0px 0px rgba(85,49,34,0);\n}\n.btn-flat#default-btn-7c27a725a9c25809294a8aa326c3884a {\n  box-shadow: none;\n}\n.btn-flat#default-btn-7c27a725a9c25809294a8aa326c3884a:hover {\n  box-shadow: none;\n}\n#default-btn-7c27a725a9c25809294a8aa326c3884a.ico-right-side > i {\n  margin-right: 0px;\n  margin-left: 8px;\n}\n#default-btn-7c27a725a9c25809294a8aa326c3884a > i {\n  margin-right: 8px;\n  font-size: 50px;\n}\n#default-btn-7c27a725a9c25809294a8aa326c3884a:not(:hover) {\n  border-width: 1px;\n  border-color: #D6D6D6FA !important;\n  color: #000000;\n  background: #FFFFFF !important;\n  padding: 20px 18px 20px 18px;\n}\n#default-btn-7c27a725a9c25809294a8aa326c3884a:not(:hover) * {\n  color: #000000;\n}\n#default-btn-7c27a725a9c25809294a8aa326c3884a:hover {\n  border-width: 1px;\n  color: #000000;\n  background: #93442121 !important;\n  padding: 20px 18px 20px 18px;\n}\n#default-btn-7c27a725a9c25809294a8aa326c3884a:hover * {\n  color: #000000;\n}\n#default-btn-7c27a725a9c25809294a8aa326c3884a.ico-right-side > i {\n  margin-right: 0px;\n  margin-left: 8px;\n}\n#default-btn-7c27a725a9c25809294a8aa326c3884a > i {\n  margin-right: 8px;\n}<\/style><div class=\"btn-align-center\"><a href=\"#\" class=\"default-btn-shortcode dt-btn fadeIn animate-element animation-builder link-hover-off anchor-link btn-shadow  vc_custom_1767783244113\" id=\"default-btn-7c27a725a9c25809294a8aa326c3884a\" style=\"width:500px;\"><span>Formularz asortymentowo cenowy<\/span><\/a><\/div>[\/vc_column][vc_column width=&#8221;1\/3&#8243;]<style type=\"text\/css\" data-type=\"the7_shortcodes-inline-css\">#default-btn-728dbdc51997726ef085f3818cf63f59 {\n  border-radius: 10px;\n  font-size: 14px;\n  line-height: 16px;\n}\n.btn-shadow#default-btn-728dbdc51997726ef085f3818cf63f59 {\n  box-shadow: 0 1px 6px rgba(0,0,0,0.12);\n  transition: box-shadow 0.2s ease-out, opacity 0.45s;\n}\n.btn-shadow#default-btn-728dbdc51997726ef085f3818cf63f59:hover {\n  box-shadow: 0 5px 11px 0 rgba(0,0,0,0.18), 0 4px 15px 0 rgba(0,0,0,0.15);\n}\n.btn-3d#default-btn-728dbdc51997726ef085f3818cf63f59 {\n  box-shadow: 0px 2px 0px 0px #e0e0e0;\n}\n.btn-3d#default-btn-728dbdc51997726ef085f3818cf63f59:hover {\n  box-shadow: 0px 2px 0px 0px rgba(85,49,34,0);\n}\n.btn-flat#default-btn-728dbdc51997726ef085f3818cf63f59 {\n  box-shadow: none;\n}\n.btn-flat#default-btn-728dbdc51997726ef085f3818cf63f59:hover {\n  box-shadow: none;\n}\n#default-btn-728dbdc51997726ef085f3818cf63f59.ico-right-side > i {\n  margin-right: 0px;\n  margin-left: 8px;\n}\n#default-btn-728dbdc51997726ef085f3818cf63f59 > i {\n  margin-right: 8px;\n  font-size: 50px;\n}\n#default-btn-728dbdc51997726ef085f3818cf63f59:not(:hover) {\n  border-width: 1px;\n  border-color: #D6D6D6FA !important;\n  color: #000000;\n  background: #FFFFFF !important;\n  padding: 20px 18px 20px 18px;\n}\n#default-btn-728dbdc51997726ef085f3818cf63f59:not(:hover) * {\n  color: #000000;\n}\n#default-btn-728dbdc51997726ef085f3818cf63f59:hover {\n  border-width: 1px;\n  color: #000000;\n  background: #93442121 !important;\n  padding: 20px 18px 20px 18px;\n}\n#default-btn-728dbdc51997726ef085f3818cf63f59:hover * {\n  color: #000000;\n}\n#default-btn-728dbdc51997726ef085f3818cf63f59.ico-right-side > i {\n  margin-right: 0px;\n  margin-left: 8px;\n}\n#default-btn-728dbdc51997726ef085f3818cf63f59 > i {\n  margin-right: 8px;\n}<\/style><div class=\"btn-align-center\"><a href=\"#\" class=\"default-btn-shortcode dt-btn fadeIn animate-element animation-builder link-hover-off anchor-link btn-shadow  vc_custom_1767783176562\" id=\"default-btn-728dbdc51997726ef085f3818cf63f59\" style=\"width:500px;\"><span>Zawiadomienie o wyborze najkorzystniejszej oferty<\/span><\/a><\/div>[\/vc_column][\/vc_row]<\/p>\n<\/div>","protected":false},"excerpt":{"rendered":"<p>[vc_row][vc_column][vc_custom_heading text=&#8221;Zapytanie ofertowe&#8221; font_container=&#8221;tag:h2|text_align:center|color:%23FFFFFF&#8221; google_fonts=&#8221;font_family:Roboto%20Slab%3A100%2C300%2Cregular%2C700|font_style:400%20regular%3A400%3Anormal&#8221; css=&#8221;.vc_custom_1747584883286{margin-bottom: 40px !important;padding-top: 5px !important;padding-right: 5px !important;padding-bottom: 5px !important;padding-left: 5px !important;background: #932121 url(https:\/\/przeginia.edu.pl\/wp-content\/uploads\/2025\/04\/Juliusz_Kossak_Sobieski_pod_Wiedniem-kopia.jpeg?id=84) !important;background-position: center !important;background-repeat: no-repeat !important;background-size: cover !important;border-radius: 35px !important;}&#8221;][\/vc_column][\/vc_row][vc_row][vc_column width=&#8221;1\/3&#8243;][\/vc_column][vc_column width=&#8221;1\/3&#8243;][\/vc_column][vc_column width=&#8221;1\/3&#8243;][\/vc_column][\/vc_row]<\/p>\n","protected":false},"author":1,"featured_media":0,"parent":0,"menu_order":0,"comment_status":"closed","ping_status":"closed","template":"","meta":{"footnotes":""},"class_list":["post-813","page","type-page","status-publish","hentry","description-off"],"yoast_head":"<!-- This site is optimized with the Yoast SEO plugin v27.4 - https:\/\/yoast.com\/product\/yoast-seo-wordpress\/ -->\n<title>Zapytania ofertowe - Zesp&oacute;\u0142 Szk&oacute;\u0142 w Przegini<\/title>\n<meta name=\"robots\" content=\"index, follow, max-snippet:-1, max-image-preview:large, max-video-preview:-1\" \/>\n<link rel=\"canonical\" href=\"https:\/\/przeginia.edu.pl\/index.php\/zapytania-ofertowe-2\/\" \/>\n<meta property=\"og:locale\" content=\"pl_PL\" \/>\n<meta property=\"og:type\" content=\"article\" \/>\n<meta property=\"og:title\" content=\"Zapytania ofertowe - Zesp&oacute;\u0142 Szk&oacute;\u0142 w Przegini\" \/>\n<meta property=\"og:description\" content=\"[vc_row][vc_column][vc_custom_heading text=&#8221;Zapytanie ofertowe&#8221; font_container=&#8221;tag:h2|text_align:center|color:%23FFFFFF&#8221; google_fonts=&#8221;font_family:Roboto%20Slab%3A100%2C300%2Cregular%2C700|font_style:400%20regular%3A400%3Anormal&#8221; css=&#8221;.vc_custom_1747584883286{margin-bottom: 40px !important;padding-top: 5px !important;padding-right: 5px !important;padding-bottom: 5px !important;padding-left: 5px !important;background: #932121 url(https:\/\/przeginia.edu.pl\/wp-content\/uploads\/2025\/04\/Juliusz_Kossak_Sobieski_pod_Wiedniem-kopia.jpeg?id=84) !important;background-position: center !important;background-repeat: no-repeat !important;background-size: cover !important;border-radius: 35px !important;}&#8221;][\/vc_column][\/vc_row][vc_row][vc_column width=&#8221;1\/3&#8243;][\/vc_column][vc_column width=&#8221;1\/3&#8243;][\/vc_column][vc_column width=&#8221;1\/3&#8243;][\/vc_column][\/vc_row]\" \/>\n<meta property=\"og:url\" content=\"https:\/\/przeginia.edu.pl\/index.php\/zapytania-ofertowe-2\/\" \/>\n<meta property=\"og:site_name\" content=\"Zesp&oacute;\u0142 Szk&oacute;\u0142 w Przegini\" \/>\n<meta property=\"article:modified_time\" content=\"2026-01-07T10:56:10+00:00\" \/>\n<meta name=\"twitter:card\" content=\"summary_large_image\" \/>\n<meta name=\"twitter:label1\" content=\"Szacowany czas czytania\" \/>\n\t<meta name=\"twitter:data1\" content=\"2 minuty\" \/>\n<script type=\"application\/ld+json\" class=\"yoast-schema-graph\">{\"@context\":\"https:\\\/\\\/schema.org\",\"@graph\":[{\"@type\":\"WebPage\",\"@id\":\"https:\\\/\\\/przeginia.edu.pl\\\/index.php\\\/zapytania-ofertowe-2\\\/\",\"url\":\"https:\\\/\\\/przeginia.edu.pl\\\/index.php\\\/zapytania-ofertowe-2\\\/\",\"name\":\"Zapytania ofertowe - Zesp&oacute;\u0142 Szk&oacute;\u0142 w Przegini\",\"isPartOf\":{\"@id\":\"https:\\\/\\\/przeginia.edu.pl\\\/#website\"},\"datePublished\":\"2025-05-18T16:17:21+00:00\",\"dateModified\":\"2026-01-07T10:56:10+00:00\",\"breadcrumb\":{\"@id\":\"https:\\\/\\\/przeginia.edu.pl\\\/index.php\\\/zapytania-ofertowe-2\\\/#breadcrumb\"},\"inLanguage\":\"pl-PL\",\"potentialAction\":[{\"@type\":\"ReadAction\",\"target\":[\"https:\\\/\\\/przeginia.edu.pl\\\/index.php\\\/zapytania-ofertowe-2\\\/\"]}]},{\"@type\":\"BreadcrumbList\",\"@id\":\"https:\\\/\\\/przeginia.edu.pl\\\/index.php\\\/zapytania-ofertowe-2\\\/#breadcrumb\",\"itemListElement\":[{\"@type\":\"ListItem\",\"position\":1,\"name\":\"Strona g\u0142\u00f3wna\",\"item\":\"https:\\\/\\\/przeginia.edu.pl\\\/\"},{\"@type\":\"ListItem\",\"position\":2,\"name\":\"Zapytania ofertowe\"}]},{\"@type\":\"WebSite\",\"@id\":\"https:\\\/\\\/przeginia.edu.pl\\\/#website\",\"url\":\"https:\\\/\\\/przeginia.edu.pl\\\/\",\"name\":\"Zesp\u00f3\u0142 Szk\u00f3\u0142 w Przegini\",\"description\":\"Odwaga w dzia\u0142aniu, m\u0105dro\u015b\u0107 w nauce, serce w przyja\u017ani.\",\"publisher\":{\"@id\":\"https:\\\/\\\/przeginia.edu.pl\\\/#organization\"},\"potentialAction\":[{\"@type\":\"SearchAction\",\"target\":{\"@type\":\"EntryPoint\",\"urlTemplate\":\"https:\\\/\\\/przeginia.edu.pl\\\/?s={search_term_string}\"},\"query-input\":{\"@type\":\"PropertyValueSpecification\",\"valueRequired\":true,\"valueName\":\"search_term_string\"}}],\"inLanguage\":\"pl-PL\"},{\"@type\":\"Organization\",\"@id\":\"https:\\\/\\\/przeginia.edu.pl\\\/#organization\",\"name\":\"Zesp\u00f3\u0142 Szk\u00f3\u0142 w Przegini\",\"url\":\"https:\\\/\\\/przeginia.edu.pl\\\/\",\"logo\":{\"@type\":\"ImageObject\",\"inLanguage\":\"pl-PL\",\"@id\":\"https:\\\/\\\/przeginia.edu.pl\\\/#\\\/schema\\\/logo\\\/image\\\/\",\"url\":\"https:\\\/\\\/przeginia.edu.pl\\\/wp-content\\\/uploads\\\/2026\\\/02\\\/log-100.png\",\"contentUrl\":\"https:\\\/\\\/przeginia.edu.pl\\\/wp-content\\\/uploads\\\/2026\\\/02\\\/log-100.png\",\"width\":470,\"height\":100,\"caption\":\"Zesp\u00f3\u0142 Szk\u00f3\u0142 w Przegini\"},\"image\":{\"@id\":\"https:\\\/\\\/przeginia.edu.pl\\\/#\\\/schema\\\/logo\\\/image\\\/\"}}]}<\/script>\n<!-- \/ Yoast SEO plugin. -->","yoast_head_json":{"title":"Zapytania ofertowe - Zesp&oacute;\u0142 Szk&oacute;\u0142 w Przegini","robots":{"index":"index","follow":"follow","max-snippet":"max-snippet:-1","max-image-preview":"max-image-preview:large","max-video-preview":"max-video-preview:-1"},"canonical":"https:\/\/przeginia.edu.pl\/index.php\/zapytania-ofertowe-2\/","og_locale":"pl_PL","og_type":"article","og_title":"Zapytania ofertowe - Zesp&oacute;\u0142 Szk&oacute;\u0142 w Przegini","og_description":"[vc_row][vc_column][vc_custom_heading text=&#8221;Zapytanie ofertowe&#8221; font_container=&#8221;tag:h2|text_align:center|color:%23FFFFFF&#8221; google_fonts=&#8221;font_family:Roboto%20Slab%3A100%2C300%2Cregular%2C700|font_style:400%20regular%3A400%3Anormal&#8221; css=&#8221;.vc_custom_1747584883286{margin-bottom: 40px !important;padding-top: 5px !important;padding-right: 5px !important;padding-bottom: 5px !important;padding-left: 5px !important;background: #932121 url(https:\/\/przeginia.edu.pl\/wp-content\/uploads\/2025\/04\/Juliusz_Kossak_Sobieski_pod_Wiedniem-kopia.jpeg?id=84) !important;background-position: center !important;background-repeat: no-repeat !important;background-size: cover !important;border-radius: 35px !important;}&#8221;][\/vc_column][\/vc_row][vc_row][vc_column width=&#8221;1\/3&#8243;][\/vc_column][vc_column width=&#8221;1\/3&#8243;][\/vc_column][vc_column width=&#8221;1\/3&#8243;][\/vc_column][\/vc_row]","og_url":"https:\/\/przeginia.edu.pl\/index.php\/zapytania-ofertowe-2\/","og_site_name":"Zesp&oacute;\u0142 Szk&oacute;\u0142 w Przegini","article_modified_time":"2026-01-07T10:56:10+00:00","twitter_card":"summary_large_image","twitter_misc":{"Szacowany czas czytania":"2 minuty"},"schema":{"@context":"https:\/\/schema.org","@graph":[{"@type":"WebPage","@id":"https:\/\/przeginia.edu.pl\/index.php\/zapytania-ofertowe-2\/","url":"https:\/\/przeginia.edu.pl\/index.php\/zapytania-ofertowe-2\/","name":"Zapytania ofertowe - Zesp&oacute;\u0142 Szk&oacute;\u0142 w Przegini","isPartOf":{"@id":"https:\/\/przeginia.edu.pl\/#website"},"datePublished":"2025-05-18T16:17:21+00:00","dateModified":"2026-01-07T10:56:10+00:00","breadcrumb":{"@id":"https:\/\/przeginia.edu.pl\/index.php\/zapytania-ofertowe-2\/#breadcrumb"},"inLanguage":"pl-PL","potentialAction":[{"@type":"ReadAction","target":["https:\/\/przeginia.edu.pl\/index.php\/zapytania-ofertowe-2\/"]}]},{"@type":"BreadcrumbList","@id":"https:\/\/przeginia.edu.pl\/index.php\/zapytania-ofertowe-2\/#breadcrumb","itemListElement":[{"@type":"ListItem","position":1,"name":"Strona g\u0142\u00f3wna","item":"https:\/\/przeginia.edu.pl\/"},{"@type":"ListItem","position":2,"name":"Zapytania ofertowe"}]},{"@type":"WebSite","@id":"https:\/\/przeginia.edu.pl\/#website","url":"https:\/\/przeginia.edu.pl\/","name":"Zesp\u00f3\u0142 Szk\u00f3\u0142 w Przegini","description":"Odwaga w dzia\u0142aniu, m\u0105dro\u015b\u0107 w nauce, serce w przyja\u017ani.","publisher":{"@id":"https:\/\/przeginia.edu.pl\/#organization"},"potentialAction":[{"@type":"SearchAction","target":{"@type":"EntryPoint","urlTemplate":"https:\/\/przeginia.edu.pl\/?s={search_term_string}"},"query-input":{"@type":"PropertyValueSpecification","valueRequired":true,"valueName":"search_term_string"}}],"inLanguage":"pl-PL"},{"@type":"Organization","@id":"https:\/\/przeginia.edu.pl\/#organization","name":"Zesp\u00f3\u0142 Szk\u00f3\u0142 w Przegini","url":"https:\/\/przeginia.edu.pl\/","logo":{"@type":"ImageObject","inLanguage":"pl-PL","@id":"https:\/\/przeginia.edu.pl\/#\/schema\/logo\/image\/","url":"https:\/\/przeginia.edu.pl\/wp-content\/uploads\/2026\/02\/log-100.png","contentUrl":"https:\/\/przeginia.edu.pl\/wp-content\/uploads\/2026\/02\/log-100.png","width":470,"height":100,"caption":"Zesp\u00f3\u0142 Szk\u00f3\u0142 w Przegini"},"image":{"@id":"https:\/\/przeginia.edu.pl\/#\/schema\/logo\/image\/"}}]}},"_links":{"self":[{"href":"https:\/\/przeginia.edu.pl\/index.php\/wp-json\/wp\/v2\/pages\/813","targetHints":{"allow":["GET"]}}],"collection":[{"href":"https:\/\/przeginia.edu.pl\/index.php\/wp-json\/wp\/v2\/pages"}],"about":[{"href":"https:\/\/przeginia.edu.pl\/index.php\/wp-json\/wp\/v2\/types\/page"}],"author":[{"embeddable":true,"href":"https:\/\/przeginia.edu.pl\/index.php\/wp-json\/wp\/v2\/users\/1"}],"replies":[{"embeddable":true,"href":"https:\/\/przeginia.edu.pl\/index.php\/wp-json\/wp\/v2\/comments?post=813"}],"version-history":[{"count":2,"href":"https:\/\/przeginia.edu.pl\/index.php\/wp-json\/wp\/v2\/pages\/813\/revisions"}],"predecessor-version":[{"id":3141,"href":"https:\/\/przeginia.edu.pl\/index.php\/wp-json\/wp\/v2\/pages\/813\/revisions\/3141"}],"wp:attachment":[{"href":"https:\/\/przeginia.edu.pl\/index.php\/wp-json\/wp\/v2\/media?parent=813"}],"curies":[{"name":"wp","href":"https:\/\/api.w.org\/{rel}","templated":true}]}}