{"id":2248,"date":"2025-05-25T16:40:32","date_gmt":"2025-05-25T16:40:32","guid":{"rendered":"https:\/\/przeginia.wer.com.pl\/?page_id=1894"},"modified":"2026-02-23T16:13:18","modified_gmt":"2026-02-23T16:13:18","slug":"rada-rodzicow-2","status":"publish","type":"page","link":"https:\/\/przeginia.edu.pl\/index.php\/rada-rodzicow-2\/","title":{"rendered":"Rada Rodzic\u00f3w"},"content":{"rendered":"<div class=\"wpb-content-wrapper\"><p>[vc_row css=&#8221;.vc_custom_1768337812878{border-color: #1E73BE29 !important;}&#8221;][vc_column][vc_custom_heading text=&#8221;Rada Rodzic\u00f3w&#8221; font_container=&#8221;tag:h2|font_size:35|text_align:center|color:%231E73BE&#8221; use_theme_fonts=&#8221;yes&#8221; css=&#8221;.vc_custom_1771863194271{margin-bottom: 40px !important;padding-top: 5px !important;padding-right: 5px !important;padding-bottom: 5px !important;padding-left: 5px !important;background-color: #1E73BE24 !important;border-radius: 30px !important;}&#8221;][\/vc_column][\/vc_row][vc_row][vc_column][vc_column_text css=&#8221;&#8221;]<\/p>\n<p style=\"text-align: center;\"><em><strong>Rada Rodzic\u00f3w<\/strong><\/em><br \/>\n<em><strong>Szko\u0142y Podstawowej im. Kr\u00f3la Jana III Sobieskiego w Przegini<\/strong><\/em><br \/>\n<em><strong>w roku szkolnym 2025\/2026<\/strong><\/em><\/p>\n<p>&nbsp;<\/p>\n<ul>\n<li><strong>Anna\u00a0<\/strong><strong>Burdan\u00a0<\/strong>\u2013 przewodnicz\u0105ca<\/li>\n<li><strong>Anna Baran\u00a0<\/strong>\u2013 zast\u0119pca przewodnicz\u0105cej<\/li>\n<li><strong>Wioleta Kamela<\/strong>\u00a0\u2013 skarbnik<\/li>\n<\/ul>\n<p>&nbsp;<\/p>\n<p><strong><em>Numer konta Rady Rodzic\u00f3w:<\/em><\/strong><\/p>\n<p><strong><em>Bank Sp\u00f3\u0142dzielczy w Przegini<\/em><\/strong><br \/>\n<strong><em>51 8589 0006 0150 0450 0824 0001\u00a0 \u00a0<\/em><\/strong><\/p>\n<p><strong><em>W tytule przelewu: Imi\u0119 i nazwisko dziecka oraz klasa<\/em><\/strong>[\/vc_column_text][\/vc_column][\/vc_row]<\/p>\n<\/div>","protected":false},"excerpt":{"rendered":"<p>[vc_row css=&#8221;.vc_custom_1768337812878{border-color: #1E73BE29 !important;}&#8221;][vc_column][vc_custom_heading text=&#8221;Rada Rodzic\u00f3w&#8221; font_container=&#8221;tag:h2|font_size:35|text_align:center|color:%231E73BE&#8221; use_theme_fonts=&#8221;yes&#8221; css=&#8221;.vc_custom_1771863194271{margin-bottom: 40px !important;padding-top: 5px !important;padding-right: 5px !important;padding-bottom: 5px !important;padding-left: 5px !important;background-color: #1E73BE24 !important;border-radius: 30px !important;}&#8221;][\/vc_column][\/vc_row][vc_row][vc_column][vc_column_text css=&#8221;&#8221;] Rada Rodzic\u00f3w Szko\u0142y Podstawowej im. Kr\u00f3la Jana III Sobieskiego w Przegini w roku szkolnym 2025\/2026 &nbsp; Anna\u00a0Burdan\u00a0\u2013 przewodnicz\u0105ca Anna Baran\u00a0\u2013 zast\u0119pca przewodnicz\u0105cej Wioleta Kamela\u00a0\u2013 skarbnik &nbsp; Numer konta Rady Rodzic\u00f3w: Bank&hellip;<\/p>\n","protected":false},"author":1,"featured_media":0,"parent":0,"menu_order":0,"comment_status":"closed","ping_status":"closed","template":"","meta":{"footnotes":""},"class_list":["post-2248","page","type-page","status-publish","hentry","description-off"],"yoast_head":"<!-- This site is optimized with the Yoast SEO plugin v27.4 - https:\/\/yoast.com\/product\/yoast-seo-wordpress\/ -->\n<title>Rada Rodzic\u00f3w - Zesp&oacute;\u0142 Szk&oacute;\u0142 w Przegini<\/title>\n<meta name=\"robots\" content=\"index, follow, max-snippet:-1, max-image-preview:large, max-video-preview:-1\" \/>\n<link rel=\"canonical\" href=\"https:\/\/przeginia.edu.pl\/index.php\/rada-rodzicow-2\/\" \/>\n<meta property=\"og:locale\" content=\"pl_PL\" \/>\n<meta property=\"og:type\" content=\"article\" \/>\n<meta property=\"og:title\" content=\"Rada Rodzic\u00f3w - Zesp&oacute;\u0142 Szk&oacute;\u0142 w Przegini\" \/>\n<meta property=\"og:description\" content=\"[vc_row css=&#8221;.vc_custom_1768337812878{border-color: #1E73BE29 !important;}&#8221;][vc_column][vc_custom_heading text=&#8221;Rada Rodzic\u00f3w&#8221; font_container=&#8221;tag:h2|font_size:35|text_align:center|color:%231E73BE&#8221; use_theme_fonts=&#8221;yes&#8221; css=&#8221;.vc_custom_1771863194271{margin-bottom: 40px !important;padding-top: 5px !important;padding-right: 5px !important;padding-bottom: 5px !important;padding-left: 5px !important;background-color: #1E73BE24 !important;border-radius: 30px !important;}&#8221;][\/vc_column][\/vc_row][vc_row][vc_column][vc_column_text css=&#8221;&#8221;] Rada Rodzic\u00f3w Szko\u0142y Podstawowej im. Kr\u00f3la Jana III Sobieskiego w Przegini w roku szkolnym 2025\/2026 &nbsp; Anna\u00a0Burdan\u00a0\u2013 przewodnicz\u0105ca Anna Baran\u00a0\u2013 zast\u0119pca przewodnicz\u0105cej Wioleta Kamela\u00a0\u2013 skarbnik &nbsp; Numer konta Rady Rodzic\u00f3w: Bank&hellip;\" \/>\n<meta property=\"og:url\" content=\"https:\/\/przeginia.edu.pl\/index.php\/rada-rodzicow-2\/\" \/>\n<meta property=\"og:site_name\" content=\"Zesp&oacute;\u0142 Szk&oacute;\u0142 w Przegini\" \/>\n<meta property=\"article:modified_time\" content=\"2026-02-23T16:13:18+00:00\" \/>\n<meta name=\"twitter:card\" content=\"summary_large_image\" \/>\n<meta name=\"twitter:label1\" content=\"Szacowany czas czytania\" \/>\n\t<meta name=\"twitter:data1\" content=\"1 minuta\" \/>\n<script type=\"application\/ld+json\" class=\"yoast-schema-graph\">{\"@context\":\"https:\\\/\\\/schema.org\",\"@graph\":[{\"@type\":\"WebPage\",\"@id\":\"https:\\\/\\\/przeginia.edu.pl\\\/index.php\\\/rada-rodzicow-2\\\/\",\"url\":\"https:\\\/\\\/przeginia.edu.pl\\\/index.php\\\/rada-rodzicow-2\\\/\",\"name\":\"Rada Rodzic\u00f3w - Zesp&oacute;\u0142 Szk&oacute;\u0142 w Przegini\",\"isPartOf\":{\"@id\":\"https:\\\/\\\/przeginia.edu.pl\\\/#website\"},\"datePublished\":\"2025-05-25T16:40:32+00:00\",\"dateModified\":\"2026-02-23T16:13:18+00:00\",\"breadcrumb\":{\"@id\":\"https:\\\/\\\/przeginia.edu.pl\\\/index.php\\\/rada-rodzicow-2\\\/#breadcrumb\"},\"inLanguage\":\"pl-PL\",\"potentialAction\":[{\"@type\":\"ReadAction\",\"target\":[\"https:\\\/\\\/przeginia.edu.pl\\\/index.php\\\/rada-rodzicow-2\\\/\"]}]},{\"@type\":\"BreadcrumbList\",\"@id\":\"https:\\\/\\\/przeginia.edu.pl\\\/index.php\\\/rada-rodzicow-2\\\/#breadcrumb\",\"itemListElement\":[{\"@type\":\"ListItem\",\"position\":1,\"name\":\"Strona g\u0142\u00f3wna\",\"item\":\"https:\\\/\\\/przeginia.edu.pl\\\/\"},{\"@type\":\"ListItem\",\"position\":2,\"name\":\"Rada Rodzic\u00f3w\"}]},{\"@type\":\"WebSite\",\"@id\":\"https:\\\/\\\/przeginia.edu.pl\\\/#website\",\"url\":\"https:\\\/\\\/przeginia.edu.pl\\\/\",\"name\":\"Zesp\u00f3\u0142 Szk\u00f3\u0142 w Przegini\",\"description\":\"Odwaga w dzia\u0142aniu, m\u0105dro\u015b\u0107 w nauce, serce w przyja\u017ani.\",\"publisher\":{\"@id\":\"https:\\\/\\\/przeginia.edu.pl\\\/#organization\"},\"potentialAction\":[{\"@type\":\"SearchAction\",\"target\":{\"@type\":\"EntryPoint\",\"urlTemplate\":\"https:\\\/\\\/przeginia.edu.pl\\\/?s={search_term_string}\"},\"query-input\":{\"@type\":\"PropertyValueSpecification\",\"valueRequired\":true,\"valueName\":\"search_term_string\"}}],\"inLanguage\":\"pl-PL\"},{\"@type\":\"Organization\",\"@id\":\"https:\\\/\\\/przeginia.edu.pl\\\/#organization\",\"name\":\"Zesp\u00f3\u0142 Szk\u00f3\u0142 w Przegini\",\"url\":\"https:\\\/\\\/przeginia.edu.pl\\\/\",\"logo\":{\"@type\":\"ImageObject\",\"inLanguage\":\"pl-PL\",\"@id\":\"https:\\\/\\\/przeginia.edu.pl\\\/#\\\/schema\\\/logo\\\/image\\\/\",\"url\":\"https:\\\/\\\/przeginia.edu.pl\\\/wp-content\\\/uploads\\\/2026\\\/02\\\/log-100.png\",\"contentUrl\":\"https:\\\/\\\/przeginia.edu.pl\\\/wp-content\\\/uploads\\\/2026\\\/02\\\/log-100.png\",\"width\":470,\"height\":100,\"caption\":\"Zesp\u00f3\u0142 Szk\u00f3\u0142 w Przegini\"},\"image\":{\"@id\":\"https:\\\/\\\/przeginia.edu.pl\\\/#\\\/schema\\\/logo\\\/image\\\/\"}}]}<\/script>\n<!-- \/ Yoast SEO plugin. -->","yoast_head_json":{"title":"Rada Rodzic\u00f3w - Zesp&oacute;\u0142 Szk&oacute;\u0142 w Przegini","robots":{"index":"index","follow":"follow","max-snippet":"max-snippet:-1","max-image-preview":"max-image-preview:large","max-video-preview":"max-video-preview:-1"},"canonical":"https:\/\/przeginia.edu.pl\/index.php\/rada-rodzicow-2\/","og_locale":"pl_PL","og_type":"article","og_title":"Rada Rodzic\u00f3w - Zesp&oacute;\u0142 Szk&oacute;\u0142 w Przegini","og_description":"[vc_row css=&#8221;.vc_custom_1768337812878{border-color: #1E73BE29 !important;}&#8221;][vc_column][vc_custom_heading text=&#8221;Rada Rodzic\u00f3w&#8221; font_container=&#8221;tag:h2|font_size:35|text_align:center|color:%231E73BE&#8221; use_theme_fonts=&#8221;yes&#8221; css=&#8221;.vc_custom_1771863194271{margin-bottom: 40px !important;padding-top: 5px !important;padding-right: 5px !important;padding-bottom: 5px !important;padding-left: 5px !important;background-color: #1E73BE24 !important;border-radius: 30px !important;}&#8221;][\/vc_column][\/vc_row][vc_row][vc_column][vc_column_text css=&#8221;&#8221;] Rada Rodzic\u00f3w Szko\u0142y Podstawowej im. Kr\u00f3la Jana III Sobieskiego w Przegini w roku szkolnym 2025\/2026 &nbsp; Anna\u00a0Burdan\u00a0\u2013 przewodnicz\u0105ca Anna Baran\u00a0\u2013 zast\u0119pca przewodnicz\u0105cej Wioleta Kamela\u00a0\u2013 skarbnik &nbsp; Numer konta Rady Rodzic\u00f3w: Bank&hellip;","og_url":"https:\/\/przeginia.edu.pl\/index.php\/rada-rodzicow-2\/","og_site_name":"Zesp&oacute;\u0142 Szk&oacute;\u0142 w Przegini","article_modified_time":"2026-02-23T16:13:18+00:00","twitter_card":"summary_large_image","twitter_misc":{"Szacowany czas czytania":"1 minuta"},"schema":{"@context":"https:\/\/schema.org","@graph":[{"@type":"WebPage","@id":"https:\/\/przeginia.edu.pl\/index.php\/rada-rodzicow-2\/","url":"https:\/\/przeginia.edu.pl\/index.php\/rada-rodzicow-2\/","name":"Rada Rodzic\u00f3w - Zesp&oacute;\u0142 Szk&oacute;\u0142 w Przegini","isPartOf":{"@id":"https:\/\/przeginia.edu.pl\/#website"},"datePublished":"2025-05-25T16:40:32+00:00","dateModified":"2026-02-23T16:13:18+00:00","breadcrumb":{"@id":"https:\/\/przeginia.edu.pl\/index.php\/rada-rodzicow-2\/#breadcrumb"},"inLanguage":"pl-PL","potentialAction":[{"@type":"ReadAction","target":["https:\/\/przeginia.edu.pl\/index.php\/rada-rodzicow-2\/"]}]},{"@type":"BreadcrumbList","@id":"https:\/\/przeginia.edu.pl\/index.php\/rada-rodzicow-2\/#breadcrumb","itemListElement":[{"@type":"ListItem","position":1,"name":"Strona g\u0142\u00f3wna","item":"https:\/\/przeginia.edu.pl\/"},{"@type":"ListItem","position":2,"name":"Rada Rodzic\u00f3w"}]},{"@type":"WebSite","@id":"https:\/\/przeginia.edu.pl\/#website","url":"https:\/\/przeginia.edu.pl\/","name":"Zesp\u00f3\u0142 Szk\u00f3\u0142 w Przegini","description":"Odwaga w dzia\u0142aniu, m\u0105dro\u015b\u0107 w nauce, serce w przyja\u017ani.","publisher":{"@id":"https:\/\/przeginia.edu.pl\/#organization"},"potentialAction":[{"@type":"SearchAction","target":{"@type":"EntryPoint","urlTemplate":"https:\/\/przeginia.edu.pl\/?s={search_term_string}"},"query-input":{"@type":"PropertyValueSpecification","valueRequired":true,"valueName":"search_term_string"}}],"inLanguage":"pl-PL"},{"@type":"Organization","@id":"https:\/\/przeginia.edu.pl\/#organization","name":"Zesp\u00f3\u0142 Szk\u00f3\u0142 w Przegini","url":"https:\/\/przeginia.edu.pl\/","logo":{"@type":"ImageObject","inLanguage":"pl-PL","@id":"https:\/\/przeginia.edu.pl\/#\/schema\/logo\/image\/","url":"https:\/\/przeginia.edu.pl\/wp-content\/uploads\/2026\/02\/log-100.png","contentUrl":"https:\/\/przeginia.edu.pl\/wp-content\/uploads\/2026\/02\/log-100.png","width":470,"height":100,"caption":"Zesp\u00f3\u0142 Szk\u00f3\u0142 w Przegini"},"image":{"@id":"https:\/\/przeginia.edu.pl\/#\/schema\/logo\/image\/"}}]}},"_links":{"self":[{"href":"https:\/\/przeginia.edu.pl\/index.php\/wp-json\/wp\/v2\/pages\/2248","targetHints":{"allow":["GET"]}}],"collection":[{"href":"https:\/\/przeginia.edu.pl\/index.php\/wp-json\/wp\/v2\/pages"}],"about":[{"href":"https:\/\/przeginia.edu.pl\/index.php\/wp-json\/wp\/v2\/types\/page"}],"author":[{"embeddable":true,"href":"https:\/\/przeginia.edu.pl\/index.php\/wp-json\/wp\/v2\/users\/1"}],"replies":[{"embeddable":true,"href":"https:\/\/przeginia.edu.pl\/index.php\/wp-json\/wp\/v2\/comments?post=2248"}],"version-history":[{"count":10,"href":"https:\/\/przeginia.edu.pl\/index.php\/wp-json\/wp\/v2\/pages\/2248\/revisions"}],"predecessor-version":[{"id":3752,"href":"https:\/\/przeginia.edu.pl\/index.php\/wp-json\/wp\/v2\/pages\/2248\/revisions\/3752"}],"wp:attachment":[{"href":"https:\/\/przeginia.edu.pl\/index.php\/wp-json\/wp\/v2\/media?parent=2248"}],"curies":[{"name":"wp","href":"https:\/\/api.w.org\/{rel}","templated":true}]}}

Rada Rodziców

<div class="wpb-content-wrapper"><p>[vc_row css=&#8221;.vc_custom_1768337812878{border-color: #1E73BE29 !important;}&#8221;][vc_column][vc_custom_heading text=&#8221;Rada Rodziców&#8221; font_container=&#8221;tag:h2|font_size:35|text_align:center|color:%231E73BE&#8221; use_theme_fonts=&#8221;yes&#8221; css=&#8221;.vc_custom_1771863194271{margin-bottom: 40px !important;padding-top: 5px !important;padding-right: 5px !important;padding-bottom: 5px !important;padding-left: 5px !important;background-color: #1E73BE24 !important;border-radius: 30px !important;}&#8221;][/vc_column][/vc_row][vc_row][vc_column][vc_column_text css=&#8221;&#8221;]</p>
<p style="text-align: center;"><em><strong>Rada Rodziców</strong></em><br />
<em><strong>Szkoły Podstawowej im. Króla Jana III Sobieskiego w Przegini</strong></em><br />
<em><strong>w roku szkolnym 2025/2026</strong></em></p>
<p>&nbsp;</p>
<ul>
<li><strong>Anna </strong><strong>Burdan </strong>– przewodnicząca</li>
<li><strong>Anna Baran </strong>– zastępca przewodniczącej</li>
<li><strong>Wioleta Kamela</strong> – skarbnik</li>
</ul>
<p>&nbsp;</p>
<p><strong><em>Numer konta Rady Rodziców:</em></strong></p>
<p><strong><em>Bank Spółdzielczy w Przegini</em></strong><br />
<strong><em>51 8589 0006 0150 0450 0824 0001   </em></strong></p>
<p><strong><em>W tytule przelewu: Imię i nazwisko dziecka oraz klasa</em></strong>[/vc_column_text][/vc_column][/vc_row]</p>
</div>

<p>[vc_row css=&#8221;.vc_custom_1768337812878{border-color: #1E73BE29 !important;}&#8221;][vc_column][vc_custom_heading text=&#8221;Rada Rodziców&#8221; font_container=&#8221;tag:h2|font_size:35|text_align:center|color:%231E73BE&#8221; use_theme_fonts=&#8221;yes&#8221; css=&#8221;.vc_custom_1771863194271{margin-bottom: 40px !important;padding-top: 5px !important;padding-right: 5px !important;padding-bottom: 5px !important;padding-left: 5px !important;background-color: #1E73BE24 !important;border-radius: 30px !important;}&#8221;][/vc_column][/vc_row][vc_row][vc_column][vc_column_text css=&#8221;&#8221;] Rada Rodziców Szkoły Podstawowej im. Króla Jana III Sobieskiego w Przegini w roku szkolnym 2025/2026 &nbsp; Anna Burdan – przewodnicząca Anna Baran – zastępca przewodniczącej Wioleta Kamela – skarbnik &nbsp; Numer konta Rady Rodziców: Bank&hellip;</p>

<!-- This site is optimized with the Yoast SEO plugin v27.4 - https://yoast.com/product/yoast-seo-wordpress/ -->
<title>Rada Rodziców - Zesp&oacute;ł Szk&oacute;ł w Przegini</title>
<meta name="robots" content="index, follow, max-snippet:-1, max-image-preview:large, max-video-preview:-1" />
<link rel="canonical" href="https://przeginia.edu.pl/index.php/rada-rodzicow-2/" />
<meta property="og:locale" content="pl_PL" />
<meta property="og:type" content="article" />
<meta property="og:title" content="Rada Rodziców - Zesp&oacute;ł Szk&oacute;ł w Przegini" />
<meta property="og:description" content="[vc_row css=&#8221;.vc_custom_1768337812878{border-color: #1E73BE29 !important;}&#8221;][vc_column][vc_custom_heading text=&#8221;Rada Rodziców&#8221; font_container=&#8221;tag:h2|font_size:35|text_align:center|color:%231E73BE&#8221; use_theme_fonts=&#8221;yes&#8221; css=&#8221;.vc_custom_1771863194271{margin-bottom: 40px !important;padding-top: 5px !important;padding-right: 5px !important;padding-bottom: 5px !important;padding-left: 5px !important;background-color: #1E73BE24 !important;border-radius: 30px !important;}&#8221;][/vc_column][/vc_row][vc_row][vc_column][vc_column_text css=&#8221;&#8221;] Rada Rodziców Szkoły Podstawowej im. Króla Jana III Sobieskiego w Przegini w roku szkolnym 2025/2026 &nbsp; Anna Burdan – przewodnicząca Anna Baran – zastępca przewodniczącej Wioleta Kamela – skarbnik &nbsp; Numer konta Rady Rodziców: Bank&hellip;" />
<meta property="og:url" content="https://przeginia.edu.pl/index.php/rada-rodzicow-2/" />
<meta property="og:site_name" content="Zesp&oacute;ł Szk&oacute;ł w Przegini" />
<meta property="article:modified_time" content="2026-02-23T16:13:18+00:00" />
<meta name="twitter:card" content="summary_large_image" />
<meta name="twitter:label1" content="Szacowany czas czytania" />
	<meta name="twitter:data1" content="1 minuta" />
<script type="application/ld+json" class="yoast-schema-graph">{"@context":"https:\/\/schema.org","@graph":[{"@type":"WebPage","@id":"https:\/\/przeginia.edu.pl\/index.php\/rada-rodzicow-2\/","url":"https:\/\/przeginia.edu.pl\/index.php\/rada-rodzicow-2\/","name":"Rada Rodziców - Zesp&oacute;ł Szk&oacute;ł w Przegini","isPartOf":{"@id":"https:\/\/przeginia.edu.pl\/#website"},"datePublished":"2025-05-25T16:40:32+00:00","dateModified":"2026-02-23T16:13:18+00:00","breadcrumb":{"@id":"https:\/\/przeginia.edu.pl\/index.php\/rada-rodzicow-2\/#breadcrumb"},"inLanguage":"pl-PL","potentialAction":[{"@type":"ReadAction","target":["https:\/\/przeginia.edu.pl\/index.php\/rada-rodzicow-2\/"]}]},{"@type":"BreadcrumbList","@id":"https:\/\/przeginia.edu.pl\/index.php\/rada-rodzicow-2\/#breadcrumb","itemListElement":[{"@type":"ListItem","position":1,"name":"Strona główna","item":"https:\/\/przeginia.edu.pl\/"},{"@type":"ListItem","position":2,"name":"Rada Rodziców"}]},{"@type":"WebSite","@id":"https:\/\/przeginia.edu.pl\/#website","url":"https:\/\/przeginia.edu.pl\/","name":"Zespół Szkół w Przegini","description":"Odwaga w działaniu, mądrość w nauce, serce w przyjaźni.","publisher":{"@id":"https:\/\/przeginia.edu.pl\/#organization"},"potentialAction":[{"@type":"SearchAction","target":{"@type":"EntryPoint","urlTemplate":"https:\/\/przeginia.edu.pl\/?s={search_term_string}"},"query-input":{"@type":"PropertyValueSpecification","valueRequired":true,"valueName":"search_term_string"}}],"inLanguage":"pl-PL"},{"@type":"Organization","@id":"https:\/\/przeginia.edu.pl\/#organization","name":"Zespół Szkół w Przegini","url":"https:\/\/przeginia.edu.pl\/","logo":{"@type":"ImageObject","inLanguage":"pl-PL","@id":"https:\/\/przeginia.edu.pl\/#\/schema\/logo\/image\/","url":"https:\/\/przeginia.edu.pl\/wp-content\/uploads\/2026\/02\/log-100.png","contentUrl":"https:\/\/przeginia.edu.pl\/wp-content\/uploads\/2026\/02\/log-100.png","width":470,"height":100,"caption":"Zespół Szkół w Przegini"},"image":{"@id":"https:\/\/przeginia.edu.pl\/#\/schema\/logo\/image\/"}}]}</script>
<!-- / Yoast SEO plugin. -->

Rada Rodziców - Zesp&oacute;ł Szk&oacute;ł w Przegini

[vc_row css=&#8221;.vc_custom_1768337812878{border-color: #1E73BE29 !important;}&#8221;][vc_column][vc_custom_heading text=&#8221;Rada Rodziców&#8221; font_container=&#8221;tag:h2|font_size:35|text_align:center|color:%231E73BE&#8221; use_theme_fonts=&#8221;yes&#8221; css=&#8221;.vc_custom_1771863194271{margin-bottom: 40px !important;padding-top: 5px !important;padding-right: 5px !important;padding-bottom: 5px !important;padding-left: 5px !important;background-color: #1E73BE24 !important;border-radius: 30px !important;}&#8221;][/vc_column][/vc_row][vc_row][vc_column][vc_column_text css=&#8221;&#8221;] Rada Rodziców Szkoły Podstawowej im. Króla Jana III Sobieskiego w Przegini w roku szkolnym 2025/2026 &nbsp; Anna Burdan – przewodnicząca Anna Baran – zastępca przewodniczącej Wioleta Kamela – skarbnik &nbsp; Numer konta Rady Rodziców: Bank&hellip;

Zesp&oacute;ł Szk&oacute;ł w Przegini

Strona główna

Zespół Szkół w Przegini

Odwaga w działaniu, mądrość w nauce, serce w przyjaźni.
