{"id":2244,"date":"2025-05-25T16:35:49","date_gmt":"2025-05-25T16:35:49","guid":{"rendered":"https:\/\/przeginia.wer.com.pl\/?page_id=1887"},"modified":"2026-02-23T18:00:04","modified_gmt":"2026-02-23T18:00:04","slug":"kalendarz-wydarzen-2","status":"publish","type":"page","link":"https:\/\/przeginia.edu.pl\/index.php\/kalendarz-wydarzen-2\/","title":{"rendered":"Kalendarz wydarze\u0144"},"content":{"rendered":"<div class=\"wpb-content-wrapper\"><p>[vc_row][vc_column][vc_custom_heading text=&#8221;Kalendarz wydarze\u0144&#8221; font_container=&#8221;tag:h2|font_size:35|text_align:center|color:%231E73BE&#8221; use_theme_fonts=&#8221;yes&#8221; css=&#8221;.vc_custom_1771869594791{margin-bottom: 40px !important;padding-top: 5px !important;padding-right: 5px !important;padding-bottom: 5px !important;padding-left: 5px !important;background-color: #FFFFFF00 !important;border-radius: 35px !important;}&#8221;][\/vc_column][\/vc_row][vc_row][vc_column][vc_column_text css=&#8221;&#8221;]<strong>WRZESIE<\/strong><strong>\u0143<\/strong><\/p>\n<ol>\n<li><strong>Do przedszkola ch\u0119tnie wracamy i nowe przygody zaczynamy<\/strong>\u00a0\u2013 Rozpocz\u0119cie roku szkolnego<\/li>\n<li><strong>Od najm\u0142odszego, a\u017c po starszaka wszyscy \u015bwi\u0119tuj\u0105 Dzie\u0144 Przedszkolaka<\/strong>\u00a0\u2013Og\u00f3lnopolski Dzie\u0144 Przedszkolaka<\/li>\n<li><strong>Idzie Jesie\u0144 kolorowa poprzez \u015bwiat\u00a0<\/strong>\u2013Powitanie Jesieni (dzie\u0144 pomara\u0144czowy)<\/li>\n<li><strong>Jab\u0142uszko rumiane s\u0142o\u0144cem malowane<\/strong>\u00a0\u2013 Dzie\u0144 Jab\u0142ka<\/li>\n<li><strong>W kalendarzu wa\u017cna data dzisiaj mamy Dzie\u0144 Ch\u0142opaka<\/strong>\u2013 Dzie\u0144 Ch\u0142opaka<\/li>\n<\/ol>\n<p><strong>PA<\/strong><strong>\u0179DZIERNIK<\/strong><\/p>\n<ol>\n<li><strong>I dziewczyny i ch\u0142opaki to dzi\u015b dumne przedszkolaki<\/strong>\u00a0\u2013Pasowanie na Przedszkolaka<\/li>\n<li><strong>\u017beby zdrowym zawsze by\u0107, trzeba r\u0119ce cz\u0119sto my\u0107<\/strong>\u00a0\u2013 Dzie\u0144 Mycia R\u0105k<\/li>\n<\/ol>\n<p><strong>LISTOPAD<\/strong><\/p>\n<ol>\n<li><strong>Przedszkole do hymnu\u00a0<\/strong>\u2013\u015awi\u0119to Niepodleg\u0142o\u015bci<\/li>\n<li><strong>Jeste\u015bmy dzie\u0107mi, mamy swoje prawa\u00a0<\/strong><strong>\u2013 Mi\u0119dzynarodowy Dzie\u0144 Praw Dziecka<\/strong><\/li>\n<li><strong>Pokochaj pluszowego misia \u2013<\/strong>\u015awiatowy Dzie\u0144 Pluszowego Misia<\/li>\n<li><strong>Czary mary, czary mary dzisiaj b\u0119d\u0105 czary nie do wiary \u2026\u00a0<\/strong>\u2013\u00a0 Andrzejki<\/li>\n<\/ol>\n<p><strong>GRUDZIE<\/strong><strong>\u0143<\/strong><\/p>\n<ol>\n<li><strong>Barb\u00f3rka \u2013 g\u00f3rnicze \u015bwi\u0119towanie<\/strong>\u00a0\u2013Spotkanie z g\u00f3rnikiem<\/li>\n<li><strong>Przyb\u0105d\u017a \u015awi\u0119ty Miko\u0142aj grzeczne dzieci ju\u017c czekaj\u0105\u00a0<\/strong>\u2013 Miko\u0142aj w przedszkolu (dzie\u0144 czerwony)<\/li>\n<li><strong>Przyszy\u0142a zima bia\u0142a \u015bniegiem posypa\u0142a\u00a0<\/strong>\u2013 Powitanie Zimy (dzie\u0144 bia\u0142y)<\/li>\n<li><strong>Przy \u015bwi\u0105tecznym stole<\/strong>\u00a0\u2013Wigilia<\/li>\n<\/ol>\n<p><strong>STYCZE<\/strong><strong>\u0143<\/strong><\/p>\n<ol>\n<li><strong>\u0141amig\u0142\u00f3wki m\u0105dre g\u0142\u00f3wki<\/strong>\u00a0\u2013 Dzie\u0144 \u0141amig\u0142\u00f3wek<\/li>\n<li><strong>Ca\u0142a gromadka kocha babci\u0119 i dziadka\u00a0<\/strong>\u2013Dzie\u0144 Babci i Dziadka<\/li>\n<\/ol>\n<p><strong>LUTY<\/strong><\/p>\n<ol>\n<li><strong>By bezpiecznym w sieci by\u0107, s\u0142uchaj co Ci powiem dzi\u015b<\/strong>\u2013 Dzie\u0144 Bezpiecznego Internetu<\/li>\n<li><strong>Smaczna, kolorowa z dalekiej Italii przywieziona<\/strong>\u2013 Mi\u0119dzynarodowy Dzie\u0144 Pizzy<\/li>\n<li><strong>Nale\u015bnik to przysmak nie lada, ale najlepsze w naszym przedszkolu si\u0119 jada<\/strong>\u2013 Dzie\u0144 nale\u015bnika<\/li>\n<li><strong>Walentynki dla ch\u0142opczyka i dziewczynki<\/strong>\u00a0\u2013 Walentynki w przedszkolu<\/li>\n<li><strong>W karnawale same bale\u00a0<\/strong>\u2013zabawa karnawa\u0142owa<\/li>\n<\/ol>\n<p><strong>MARZEC<\/strong><\/p>\n<ol>\n<li><strong>Ma\u0142e smyki ucz\u0105 si\u0119 matematyki\u00a0<\/strong>\u2013 Dzie\u0144 Matematyki<\/li>\n<li><strong>Wiosno, ach to Ty<\/strong>\u00a0\u2013Powitanie Wiosny (dzie\u0144 zielony)<\/li>\n<li><strong>Kto wody nie szanuje, \u017ale si\u0119 zachowuje, a kto j\u0105 pije ten zdrowo \u017cyje!<\/strong>-\u015awiatowy Dzie\u0144 Wody (dzie\u0144 niebieski)<\/li>\n<\/ol>\n<p><strong>KWIECIE\u0143<\/strong><\/p>\n<ol>\n<li><strong>Na marchewki urodziny\u00a0<\/strong>\u2013Dzie\u0144 Marchewki<\/li>\n<li><strong>W zdrowym ciele, zdrowy duch<\/strong>\u00a0\u2013 Dzie\u0144 Zdrowia<\/li>\n<li><strong>Ziemia to nasza druga mama powinna wi\u0119c wygl\u0105da\u0107 jak dama\u00a0<\/strong>\u2013 Dzie\u0144 Ziemi<\/li>\n<\/ol>\n<p><strong>MAJ<\/strong><\/p>\n<ol>\n<li><strong>Jeste\u015bmy Polk\u0105 i Polakiem\u00a0<\/strong>\u2013 obchody \u015bwi\u0105t majowych<\/li>\n<li><strong>Stra\u017cak \u017cycie ratuje, odwagi mu nie brakuje\u00a0<\/strong>\u2013 Mi\u0119dzynarodowy Dzie\u0144 Stra\u017caka<\/li>\n<li><strong>Pszczo\u0142a\u00a0to jest owad ma\u0142y, ale za to doskona\u0142y<\/strong>\u2013Dzie\u0144 Pszcz\u00f3\u0142<\/li>\n<\/ol>\n<p><strong>CZERWIEC<\/strong><\/p>\n<ol>\n<li><strong>Ka\u017cde dziecko chce bezpiecznie \u017cy\u0107 i szcz\u0119\u015bliwe by\u0107 \u2013\u00a0<\/strong><strong>Mi\u0119dzynarodowy Dzie\u0144 Dziecka<\/strong><\/li>\n<li><strong>Cudownych Rodzic\u00f3w mam\u00a0<\/strong>\u2013Dzie\u0144 Rodziny<\/li>\n<li><strong>Du\u017cy i ma\u0142y to sportowiec doskona\u0142y\u00a0<\/strong>\u2013Dzie\u0144 Sportu w przedszkolu<\/li>\n<li><strong>\u201eDzisiaj jeszcze przedszkolaki, od wrze\u015bnia ju\u017c pierwszaki\u201d\u00a0<\/strong>\u2013 Uroczyste Po\u017cegnanie Starszak\u00f3w<\/li>\n<\/ol>\n<p>[\/vc_column_text][\/vc_column][\/vc_row][vc_row][vc_column][vc_icon icon_fontawesome=&#8221;fa fa-solid fa-seedling&#8221; color=&#8221;black&#8221; align=&#8221;center&#8221; css=&#8221;&#8221;][\/vc_column][\/vc_row]<\/p>\n<\/div>","protected":false},"excerpt":{"rendered":"<p>[vc_row][vc_column][vc_custom_heading text=&#8221;Kalendarz wydarze\u0144&#8221; font_container=&#8221;tag:h2|font_size:35|text_align:center|color:%231E73BE&#8221; use_theme_fonts=&#8221;yes&#8221; css=&#8221;.vc_custom_1771869594791{margin-bottom: 40px !important;padding-top: 5px !important;padding-right: 5px !important;padding-bottom: 5px !important;padding-left: 5px !important;background-color: #FFFFFF00 !important;border-radius: 35px !important;}&#8221;][\/vc_column][\/vc_row][vc_row][vc_column][vc_column_text css=&#8221;&#8221;]WRZESIE\u0143 Do przedszkola ch\u0119tnie wracamy i nowe przygody zaczynamy\u00a0\u2013 Rozpocz\u0119cie roku szkolnego Od najm\u0142odszego, a\u017c po starszaka wszyscy \u015bwi\u0119tuj\u0105 Dzie\u0144 Przedszkolaka\u00a0\u2013Og\u00f3lnopolski Dzie\u0144 Przedszkolaka Idzie Jesie\u0144 kolorowa poprzez \u015bwiat\u00a0\u2013Powitanie Jesieni (dzie\u0144 pomara\u0144czowy) Jab\u0142uszko rumiane s\u0142o\u0144cem malowane\u00a0\u2013&hellip;<\/p>\n","protected":false},"author":1,"featured_media":0,"parent":0,"menu_order":0,"comment_status":"closed","ping_status":"closed","template":"","meta":{"footnotes":""},"class_list":["post-2244","page","type-page","status-publish","hentry","description-off"],"yoast_head":"<!-- This site is optimized with the Yoast SEO plugin v27.4 - https:\/\/yoast.com\/product\/yoast-seo-wordpress\/ -->\n<title>Kalendarz wydarze\u0144 - Zesp&oacute;\u0142 Szk&oacute;\u0142 w Przegini<\/title>\n<meta name=\"robots\" content=\"index, follow, max-snippet:-1, max-image-preview:large, max-video-preview:-1\" \/>\n<link rel=\"canonical\" href=\"https:\/\/przeginia.edu.pl\/index.php\/kalendarz-wydarzen-2\/\" \/>\n<meta property=\"og:locale\" content=\"pl_PL\" \/>\n<meta property=\"og:type\" content=\"article\" \/>\n<meta property=\"og:title\" content=\"Kalendarz wydarze\u0144 - Zesp&oacute;\u0142 Szk&oacute;\u0142 w Przegini\" \/>\n<meta property=\"og:description\" content=\"[vc_row][vc_column][vc_custom_heading text=&#8221;Kalendarz wydarze\u0144&#8221; font_container=&#8221;tag:h2|font_size:35|text_align:center|color:%231E73BE&#8221; use_theme_fonts=&#8221;yes&#8221; css=&#8221;.vc_custom_1771869594791{margin-bottom: 40px !important;padding-top: 5px !important;padding-right: 5px !important;padding-bottom: 5px !important;padding-left: 5px !important;background-color: #FFFFFF00 !important;border-radius: 35px !important;}&#8221;][\/vc_column][\/vc_row][vc_row][vc_column][vc_column_text css=&#8221;&#8221;]WRZESIE\u0143 Do przedszkola ch\u0119tnie wracamy i nowe przygody zaczynamy\u00a0\u2013 Rozpocz\u0119cie roku szkolnego Od najm\u0142odszego, a\u017c po starszaka wszyscy \u015bwi\u0119tuj\u0105 Dzie\u0144 Przedszkolaka\u00a0\u2013Og\u00f3lnopolski Dzie\u0144 Przedszkolaka Idzie Jesie\u0144 kolorowa poprzez \u015bwiat\u00a0\u2013Powitanie Jesieni (dzie\u0144 pomara\u0144czowy) Jab\u0142uszko rumiane s\u0142o\u0144cem malowane\u00a0\u2013&hellip;\" \/>\n<meta property=\"og:url\" content=\"https:\/\/przeginia.edu.pl\/index.php\/kalendarz-wydarzen-2\/\" \/>\n<meta property=\"og:site_name\" content=\"Zesp&oacute;\u0142 Szk&oacute;\u0142 w Przegini\" \/>\n<meta property=\"article:modified_time\" content=\"2026-02-23T18:00:04+00:00\" \/>\n<meta name=\"twitter:card\" content=\"summary_large_image\" \/>\n<meta name=\"twitter:label1\" content=\"Szacowany czas czytania\" \/>\n\t<meta name=\"twitter:data1\" content=\"3 minuty\" \/>\n<script type=\"application\/ld+json\" class=\"yoast-schema-graph\">{\"@context\":\"https:\\\/\\\/schema.org\",\"@graph\":[{\"@type\":\"WebPage\",\"@id\":\"https:\\\/\\\/przeginia.edu.pl\\\/index.php\\\/kalendarz-wydarzen-2\\\/\",\"url\":\"https:\\\/\\\/przeginia.edu.pl\\\/index.php\\\/kalendarz-wydarzen-2\\\/\",\"name\":\"Kalendarz wydarze\u0144 - Zesp&oacute;\u0142 Szk&oacute;\u0142 w Przegini\",\"isPartOf\":{\"@id\":\"https:\\\/\\\/przeginia.edu.pl\\\/#website\"},\"datePublished\":\"2025-05-25T16:35:49+00:00\",\"dateModified\":\"2026-02-23T18:00:04+00:00\",\"breadcrumb\":{\"@id\":\"https:\\\/\\\/przeginia.edu.pl\\\/index.php\\\/kalendarz-wydarzen-2\\\/#breadcrumb\"},\"inLanguage\":\"pl-PL\",\"potentialAction\":[{\"@type\":\"ReadAction\",\"target\":[\"https:\\\/\\\/przeginia.edu.pl\\\/index.php\\\/kalendarz-wydarzen-2\\\/\"]}]},{\"@type\":\"BreadcrumbList\",\"@id\":\"https:\\\/\\\/przeginia.edu.pl\\\/index.php\\\/kalendarz-wydarzen-2\\\/#breadcrumb\",\"itemListElement\":[{\"@type\":\"ListItem\",\"position\":1,\"name\":\"Strona g\u0142\u00f3wna\",\"item\":\"https:\\\/\\\/przeginia.edu.pl\\\/\"},{\"@type\":\"ListItem\",\"position\":2,\"name\":\"Kalendarz wydarze\u0144\"}]},{\"@type\":\"WebSite\",\"@id\":\"https:\\\/\\\/przeginia.edu.pl\\\/#website\",\"url\":\"https:\\\/\\\/przeginia.edu.pl\\\/\",\"name\":\"Zesp\u00f3\u0142 Szk\u00f3\u0142 w Przegini\",\"description\":\"Odwaga w dzia\u0142aniu, m\u0105dro\u015b\u0107 w nauce, serce w przyja\u017ani.\",\"publisher\":{\"@id\":\"https:\\\/\\\/przeginia.edu.pl\\\/#organization\"},\"potentialAction\":[{\"@type\":\"SearchAction\",\"target\":{\"@type\":\"EntryPoint\",\"urlTemplate\":\"https:\\\/\\\/przeginia.edu.pl\\\/?s={search_term_string}\"},\"query-input\":{\"@type\":\"PropertyValueSpecification\",\"valueRequired\":true,\"valueName\":\"search_term_string\"}}],\"inLanguage\":\"pl-PL\"},{\"@type\":\"Organization\",\"@id\":\"https:\\\/\\\/przeginia.edu.pl\\\/#organization\",\"name\":\"Zesp\u00f3\u0142 Szk\u00f3\u0142 w Przegini\",\"url\":\"https:\\\/\\\/przeginia.edu.pl\\\/\",\"logo\":{\"@type\":\"ImageObject\",\"inLanguage\":\"pl-PL\",\"@id\":\"https:\\\/\\\/przeginia.edu.pl\\\/#\\\/schema\\\/logo\\\/image\\\/\",\"url\":\"https:\\\/\\\/przeginia.edu.pl\\\/wp-content\\\/uploads\\\/2026\\\/02\\\/log-100.png\",\"contentUrl\":\"https:\\\/\\\/przeginia.edu.pl\\\/wp-content\\\/uploads\\\/2026\\\/02\\\/log-100.png\",\"width\":470,\"height\":100,\"caption\":\"Zesp\u00f3\u0142 Szk\u00f3\u0142 w Przegini\"},\"image\":{\"@id\":\"https:\\\/\\\/przeginia.edu.pl\\\/#\\\/schema\\\/logo\\\/image\\\/\"}}]}<\/script>\n<!-- \/ Yoast SEO plugin. -->","yoast_head_json":{"title":"Kalendarz wydarze\u0144 - Zesp&oacute;\u0142 Szk&oacute;\u0142 w Przegini","robots":{"index":"index","follow":"follow","max-snippet":"max-snippet:-1","max-image-preview":"max-image-preview:large","max-video-preview":"max-video-preview:-1"},"canonical":"https:\/\/przeginia.edu.pl\/index.php\/kalendarz-wydarzen-2\/","og_locale":"pl_PL","og_type":"article","og_title":"Kalendarz wydarze\u0144 - Zesp&oacute;\u0142 Szk&oacute;\u0142 w Przegini","og_description":"[vc_row][vc_column][vc_custom_heading text=&#8221;Kalendarz wydarze\u0144&#8221; font_container=&#8221;tag:h2|font_size:35|text_align:center|color:%231E73BE&#8221; use_theme_fonts=&#8221;yes&#8221; css=&#8221;.vc_custom_1771869594791{margin-bottom: 40px !important;padding-top: 5px !important;padding-right: 5px !important;padding-bottom: 5px !important;padding-left: 5px !important;background-color: #FFFFFF00 !important;border-radius: 35px !important;}&#8221;][\/vc_column][\/vc_row][vc_row][vc_column][vc_column_text css=&#8221;&#8221;]WRZESIE\u0143 Do przedszkola ch\u0119tnie wracamy i nowe przygody zaczynamy\u00a0\u2013 Rozpocz\u0119cie roku szkolnego Od najm\u0142odszego, a\u017c po starszaka wszyscy \u015bwi\u0119tuj\u0105 Dzie\u0144 Przedszkolaka\u00a0\u2013Og\u00f3lnopolski Dzie\u0144 Przedszkolaka Idzie Jesie\u0144 kolorowa poprzez \u015bwiat\u00a0\u2013Powitanie Jesieni (dzie\u0144 pomara\u0144czowy) Jab\u0142uszko rumiane s\u0142o\u0144cem malowane\u00a0\u2013&hellip;","og_url":"https:\/\/przeginia.edu.pl\/index.php\/kalendarz-wydarzen-2\/","og_site_name":"Zesp&oacute;\u0142 Szk&oacute;\u0142 w Przegini","article_modified_time":"2026-02-23T18:00:04+00:00","twitter_card":"summary_large_image","twitter_misc":{"Szacowany czas czytania":"3 minuty"},"schema":{"@context":"https:\/\/schema.org","@graph":[{"@type":"WebPage","@id":"https:\/\/przeginia.edu.pl\/index.php\/kalendarz-wydarzen-2\/","url":"https:\/\/przeginia.edu.pl\/index.php\/kalendarz-wydarzen-2\/","name":"Kalendarz wydarze\u0144 - Zesp&oacute;\u0142 Szk&oacute;\u0142 w Przegini","isPartOf":{"@id":"https:\/\/przeginia.edu.pl\/#website"},"datePublished":"2025-05-25T16:35:49+00:00","dateModified":"2026-02-23T18:00:04+00:00","breadcrumb":{"@id":"https:\/\/przeginia.edu.pl\/index.php\/kalendarz-wydarzen-2\/#breadcrumb"},"inLanguage":"pl-PL","potentialAction":[{"@type":"ReadAction","target":["https:\/\/przeginia.edu.pl\/index.php\/kalendarz-wydarzen-2\/"]}]},{"@type":"BreadcrumbList","@id":"https:\/\/przeginia.edu.pl\/index.php\/kalendarz-wydarzen-2\/#breadcrumb","itemListElement":[{"@type":"ListItem","position":1,"name":"Strona g\u0142\u00f3wna","item":"https:\/\/przeginia.edu.pl\/"},{"@type":"ListItem","position":2,"name":"Kalendarz wydarze\u0144"}]},{"@type":"WebSite","@id":"https:\/\/przeginia.edu.pl\/#website","url":"https:\/\/przeginia.edu.pl\/","name":"Zesp\u00f3\u0142 Szk\u00f3\u0142 w Przegini","description":"Odwaga w dzia\u0142aniu, m\u0105dro\u015b\u0107 w nauce, serce w przyja\u017ani.","publisher":{"@id":"https:\/\/przeginia.edu.pl\/#organization"},"potentialAction":[{"@type":"SearchAction","target":{"@type":"EntryPoint","urlTemplate":"https:\/\/przeginia.edu.pl\/?s={search_term_string}"},"query-input":{"@type":"PropertyValueSpecification","valueRequired":true,"valueName":"search_term_string"}}],"inLanguage":"pl-PL"},{"@type":"Organization","@id":"https:\/\/przeginia.edu.pl\/#organization","name":"Zesp\u00f3\u0142 Szk\u00f3\u0142 w Przegini","url":"https:\/\/przeginia.edu.pl\/","logo":{"@type":"ImageObject","inLanguage":"pl-PL","@id":"https:\/\/przeginia.edu.pl\/#\/schema\/logo\/image\/","url":"https:\/\/przeginia.edu.pl\/wp-content\/uploads\/2026\/02\/log-100.png","contentUrl":"https:\/\/przeginia.edu.pl\/wp-content\/uploads\/2026\/02\/log-100.png","width":470,"height":100,"caption":"Zesp\u00f3\u0142 Szk\u00f3\u0142 w Przegini"},"image":{"@id":"https:\/\/przeginia.edu.pl\/#\/schema\/logo\/image\/"}}]}},"_links":{"self":[{"href":"https:\/\/przeginia.edu.pl\/index.php\/wp-json\/wp\/v2\/pages\/2244","targetHints":{"allow":["GET"]}}],"collection":[{"href":"https:\/\/przeginia.edu.pl\/index.php\/wp-json\/wp\/v2\/pages"}],"about":[{"href":"https:\/\/przeginia.edu.pl\/index.php\/wp-json\/wp\/v2\/types\/page"}],"author":[{"embeddable":true,"href":"https:\/\/przeginia.edu.pl\/index.php\/wp-json\/wp\/v2\/users\/1"}],"replies":[{"embeddable":true,"href":"https:\/\/przeginia.edu.pl\/index.php\/wp-json\/wp\/v2\/comments?post=2244"}],"version-history":[{"count":1,"href":"https:\/\/przeginia.edu.pl\/index.php\/wp-json\/wp\/v2\/pages\/2244\/revisions"}],"predecessor-version":[{"id":3771,"href":"https:\/\/przeginia.edu.pl\/index.php\/wp-json\/wp\/v2\/pages\/2244\/revisions\/3771"}],"wp:attachment":[{"href":"https:\/\/przeginia.edu.pl\/index.php\/wp-json\/wp\/v2\/media?parent=2244"}],"curies":[{"name":"wp","href":"https:\/\/api.w.org\/{rel}","templated":true}]}}