{"id":2224,"date":"2025-05-18T20:06:49","date_gmt":"2025-05-18T20:06:49","guid":{"rendered":"https:\/\/przeginia.wer.com.pl\/?page_id=1390"},"modified":"2026-02-18T17:05:42","modified_gmt":"2026-02-18T17:05:42","slug":"kalendarz-szkolny","status":"publish","type":"page","link":"https:\/\/przeginia.edu.pl\/index.php\/kalendarz-szkolny\/","title":{"rendered":"Kalendarz szkolny"},"content":{"rendered":"<div class=\"wpb-content-wrapper\"><p>[vc_row][vc_column][vc_custom_heading text=&#8221;Kalendarz szkolny&#8221; font_container=&#8221;tag:h2|text_align:center|color:%231E73BE&#8221; use_theme_fonts=&#8221;yes&#8221; css=&#8221;&#8221;][\/vc_column][\/vc_row][vc_row][vc_column width=&#8221;1\/3&#8243;][\/vc_column][vc_column width=&#8221;1\/3&#8243;]<style type=\"text\/css\" data-type=\"the7_shortcodes-inline-css\">#default-btn-bf5bc66b79917907d337bed916027fe5 {\n  border-radius: 10px;\n  font-size: 14px;\n  line-height: 16px;\n}\n.btn-shadow#default-btn-bf5bc66b79917907d337bed916027fe5 {\n  box-shadow: 0 1px 6px rgba(0,0,0,0.12);\n  transition: box-shadow 0.2s ease-out, opacity 0.45s;\n}\n.btn-shadow#default-btn-bf5bc66b79917907d337bed916027fe5:hover {\n  box-shadow: 0 5px 11px 0 rgba(0,0,0,0.18), 0 4px 15px 0 rgba(0,0,0,0.15);\n}\n.btn-3d#default-btn-bf5bc66b79917907d337bed916027fe5 {\n  box-shadow: 0px 2px 0px 0px #e0e0e0;\n}\n.btn-3d#default-btn-bf5bc66b79917907d337bed916027fe5:hover {\n  box-shadow: 0px 2px 0px 0px rgba(85,49,34,0);\n}\n.btn-flat#default-btn-bf5bc66b79917907d337bed916027fe5 {\n  box-shadow: none;\n}\n.btn-flat#default-btn-bf5bc66b79917907d337bed916027fe5:hover {\n  box-shadow: none;\n}\n#default-btn-bf5bc66b79917907d337bed916027fe5.ico-right-side > i {\n  margin-right: 0px;\n  margin-left: 8px;\n}\n#default-btn-bf5bc66b79917907d337bed916027fe5 > i {\n  margin-right: 8px;\n  font-size: 50px;\n}\n#default-btn-bf5bc66b79917907d337bed916027fe5:not(:hover) {\n  border-width: 1px;\n  border-color: #D6D6D6FA !important;\n  color: #000000;\n  background: #FFFFFF !important;\n  padding: 20px 18px 20px 18px;\n}\n#default-btn-bf5bc66b79917907d337bed916027fe5:not(:hover) * {\n  color: #000000;\n}\n#default-btn-bf5bc66b79917907d337bed916027fe5:hover {\n  border-width: 1px;\n  color: #000000;\n  background: #93442121 !important;\n  padding: 20px 18px 20px 18px;\n}\n#default-btn-bf5bc66b79917907d337bed916027fe5:hover * {\n  color: #000000;\n}\n#default-btn-bf5bc66b79917907d337bed916027fe5.ico-right-side > i {\n  margin-right: 0px;\n  margin-left: 8px;\n}\n#default-btn-bf5bc66b79917907d337bed916027fe5 > i {\n  margin-right: 8px;\n}<\/style><div class=\"btn-align-center\"><a href=\"https:\/\/przeginia.edu.pl\/wp-content\/uploads\/2026\/02\/KALENDARZ-ROKU-SZKOLNEGO-2025_2026-2.doc\" class=\"default-btn-shortcode dt-btn fadeIn animate-element animation-builder link-hover-off anchor-link btn-shadow  vc_custom_1771434336059\" id=\"default-btn-bf5bc66b79917907d337bed916027fe5\" style=\"width:500px;\"><span>KALENDARZ-ROKU-SZKOLNEGO-2025-2026<\/span><\/a><\/div>[\/vc_column][vc_column width=&#8221;1\/3&#8243;][\/vc_column][\/vc_row][vc_row][vc_column width=&#8221;1\/4&#8243;][\/vc_column][vc_column width=&#8221;1\/2&#8243;][vc_column_text css=&#8221;&#8221;]Zebrania z Rodzicami:<\/p>\n<ul>\n<li>11 wrze\u015bnia 2025 r.<\/li>\n<li>20 listopada 2025- dzie\u0144 otwarty<\/li>\n<li>29 stycznia 2026 r.<\/li>\n<li>23 kwietnia 2026 r.<\/li>\n<li>28 maja 2026 r. \u2013 dzie\u0144 otwarty<\/li>\n<\/ul>\n<p><strong>Dni wolne od zaj\u0119\u0107 dydakt<\/strong><strong>ycznych w roku szkolnym 2025\/2026<\/strong><\/p>\n<ul>\n<li>10 listopada 2025r.<\/li>\n<li>2 stycznia 2026r.<\/li>\n<li>5 stycznia 2026r.<\/li>\n<li>11 maja 2026 r. \u2013 egzamin \u00f3smoklasisty \u2013 j\u0119zyk polski<\/li>\n<li>12 maja 2026 r. \u2013 egzamin \u00f3smoklasisty \u2013 matematyka<\/li>\n<li>13 maja 2026 r. \u2013\u00a0 egzamin \u00f3smoklasisty \u2013 j\u0119zyk angielski<\/li>\n<li>5 czerwca 2026 r.<\/li>\n<\/ul>\n<p><strong>We wszystkie te dni \u015bwietlica szkolna jest czynna w godzinach 7.00 \u2013 16.00<\/strong>[\/vc_column_text][\/vc_column][vc_column width=&#8221;1\/4&#8243;][\/vc_column][\/vc_row]<\/p>\n<\/div>","protected":false},"excerpt":{"rendered":"<p>[vc_row][vc_column][vc_custom_heading text=&#8221;Kalendarz szkolny&#8221; font_container=&#8221;tag:h2|text_align:center|color:%231E73BE&#8221; use_theme_fonts=&#8221;yes&#8221; css=&#8221;&#8221;][\/vc_column][\/vc_row][vc_row][vc_column width=&#8221;1\/3&#8243;][\/vc_column][vc_column width=&#8221;1\/3&#8243;][\/vc_column][vc_column width=&#8221;1\/3&#8243;][\/vc_column][\/vc_row][vc_row][vc_column width=&#8221;1\/4&#8243;][\/vc_column][vc_column width=&#8221;1\/2&#8243;][vc_column_text css=&#8221;&#8221;]Zebrania z Rodzicami: 11 wrze\u015bnia 2025 r. 20 listopada 2025- dzie\u0144 otwarty 29 stycznia 2026 r. 23 kwietnia 2026 r. 28 maja 2026 r. \u2013 dzie\u0144 otwarty Dni wolne od zaj\u0119\u0107 dydaktycznych w roku szkolnym 2025\/2026 10 listopada 2025r. 2 stycznia 2026r. 5 stycznia&hellip;<\/p>\n","protected":false},"author":1,"featured_media":0,"parent":0,"menu_order":0,"comment_status":"closed","ping_status":"closed","template":"","meta":{"footnotes":""},"class_list":["post-2224","page","type-page","status-publish","hentry","description-off"],"yoast_head":"<!-- This site is optimized with the Yoast SEO plugin v27.4 - https:\/\/yoast.com\/product\/yoast-seo-wordpress\/ -->\n<title>Kalendarz szkolny - Zesp&oacute;\u0142 Szk&oacute;\u0142 w Przegini<\/title>\n<meta name=\"robots\" content=\"index, follow, max-snippet:-1, max-image-preview:large, max-video-preview:-1\" \/>\n<link rel=\"canonical\" href=\"https:\/\/przeginia.edu.pl\/index.php\/kalendarz-szkolny\/\" \/>\n<meta property=\"og:locale\" content=\"pl_PL\" \/>\n<meta property=\"og:type\" content=\"article\" \/>\n<meta property=\"og:title\" content=\"Kalendarz szkolny - Zesp&oacute;\u0142 Szk&oacute;\u0142 w Przegini\" \/>\n<meta property=\"og:description\" content=\"[vc_row][vc_column][vc_custom_heading text=&#8221;Kalendarz szkolny&#8221; font_container=&#8221;tag:h2|text_align:center|color:%231E73BE&#8221; use_theme_fonts=&#8221;yes&#8221; css=&#8221;&#8221;][\/vc_column][\/vc_row][vc_row][vc_column width=&#8221;1\/3&#8243;][\/vc_column][vc_column width=&#8221;1\/3&#8243;][\/vc_column][vc_column width=&#8221;1\/3&#8243;][\/vc_column][\/vc_row][vc_row][vc_column width=&#8221;1\/4&#8243;][\/vc_column][vc_column width=&#8221;1\/2&#8243;][vc_column_text css=&#8221;&#8221;]Zebrania z Rodzicami: 11 wrze\u015bnia 2025 r. 20 listopada 2025- dzie\u0144 otwarty 29 stycznia 2026 r. 23 kwietnia 2026 r. 28 maja 2026 r. \u2013 dzie\u0144 otwarty Dni wolne od zaj\u0119\u0107 dydaktycznych w roku szkolnym 2025\/2026 10 listopada 2025r. 2 stycznia 2026r. 5 stycznia&hellip;\" \/>\n<meta property=\"og:url\" content=\"https:\/\/przeginia.edu.pl\/index.php\/kalendarz-szkolny\/\" \/>\n<meta property=\"og:site_name\" content=\"Zesp&oacute;\u0142 Szk&oacute;\u0142 w Przegini\" \/>\n<meta property=\"article:modified_time\" content=\"2026-02-18T17:05:42+00:00\" \/>\n<meta name=\"twitter:card\" content=\"summary_large_image\" \/>\n<meta name=\"twitter:label1\" content=\"Szacowany czas czytania\" \/>\n\t<meta name=\"twitter:data1\" content=\"1 minuta\" \/>\n<script type=\"application\/ld+json\" class=\"yoast-schema-graph\">{\"@context\":\"https:\\\/\\\/schema.org\",\"@graph\":[{\"@type\":\"WebPage\",\"@id\":\"https:\\\/\\\/przeginia.edu.pl\\\/index.php\\\/kalendarz-szkolny\\\/\",\"url\":\"https:\\\/\\\/przeginia.edu.pl\\\/index.php\\\/kalendarz-szkolny\\\/\",\"name\":\"Kalendarz szkolny - Zesp&oacute;\u0142 Szk&oacute;\u0142 w Przegini\",\"isPartOf\":{\"@id\":\"https:\\\/\\\/przeginia.edu.pl\\\/#website\"},\"datePublished\":\"2025-05-18T20:06:49+00:00\",\"dateModified\":\"2026-02-18T17:05:42+00:00\",\"breadcrumb\":{\"@id\":\"https:\\\/\\\/przeginia.edu.pl\\\/index.php\\\/kalendarz-szkolny\\\/#breadcrumb\"},\"inLanguage\":\"pl-PL\",\"potentialAction\":[{\"@type\":\"ReadAction\",\"target\":[\"https:\\\/\\\/przeginia.edu.pl\\\/index.php\\\/kalendarz-szkolny\\\/\"]}]},{\"@type\":\"BreadcrumbList\",\"@id\":\"https:\\\/\\\/przeginia.edu.pl\\\/index.php\\\/kalendarz-szkolny\\\/#breadcrumb\",\"itemListElement\":[{\"@type\":\"ListItem\",\"position\":1,\"name\":\"Strona g\u0142\u00f3wna\",\"item\":\"https:\\\/\\\/przeginia.edu.pl\\\/\"},{\"@type\":\"ListItem\",\"position\":2,\"name\":\"Kalendarz szkolny\"}]},{\"@type\":\"WebSite\",\"@id\":\"https:\\\/\\\/przeginia.edu.pl\\\/#website\",\"url\":\"https:\\\/\\\/przeginia.edu.pl\\\/\",\"name\":\"Zesp\u00f3\u0142 Szk\u00f3\u0142 w Przegini\",\"description\":\"Odwaga w dzia\u0142aniu, m\u0105dro\u015b\u0107 w nauce, serce w przyja\u017ani.\",\"publisher\":{\"@id\":\"https:\\\/\\\/przeginia.edu.pl\\\/#organization\"},\"potentialAction\":[{\"@type\":\"SearchAction\",\"target\":{\"@type\":\"EntryPoint\",\"urlTemplate\":\"https:\\\/\\\/przeginia.edu.pl\\\/?s={search_term_string}\"},\"query-input\":{\"@type\":\"PropertyValueSpecification\",\"valueRequired\":true,\"valueName\":\"search_term_string\"}}],\"inLanguage\":\"pl-PL\"},{\"@type\":\"Organization\",\"@id\":\"https:\\\/\\\/przeginia.edu.pl\\\/#organization\",\"name\":\"Zesp\u00f3\u0142 Szk\u00f3\u0142 w Przegini\",\"url\":\"https:\\\/\\\/przeginia.edu.pl\\\/\",\"logo\":{\"@type\":\"ImageObject\",\"inLanguage\":\"pl-PL\",\"@id\":\"https:\\\/\\\/przeginia.edu.pl\\\/#\\\/schema\\\/logo\\\/image\\\/\",\"url\":\"https:\\\/\\\/przeginia.edu.pl\\\/wp-content\\\/uploads\\\/2026\\\/02\\\/log-100.png\",\"contentUrl\":\"https:\\\/\\\/przeginia.edu.pl\\\/wp-content\\\/uploads\\\/2026\\\/02\\\/log-100.png\",\"width\":470,\"height\":100,\"caption\":\"Zesp\u00f3\u0142 Szk\u00f3\u0142 w Przegini\"},\"image\":{\"@id\":\"https:\\\/\\\/przeginia.edu.pl\\\/#\\\/schema\\\/logo\\\/image\\\/\"}}]}<\/script>\n<!-- \/ Yoast SEO plugin. -->","yoast_head_json":{"title":"Kalendarz szkolny - Zesp&oacute;\u0142 Szk&oacute;\u0142 w Przegini","robots":{"index":"index","follow":"follow","max-snippet":"max-snippet:-1","max-image-preview":"max-image-preview:large","max-video-preview":"max-video-preview:-1"},"canonical":"https:\/\/przeginia.edu.pl\/index.php\/kalendarz-szkolny\/","og_locale":"pl_PL","og_type":"article","og_title":"Kalendarz szkolny - Zesp&oacute;\u0142 Szk&oacute;\u0142 w Przegini","og_description":"[vc_row][vc_column][vc_custom_heading text=&#8221;Kalendarz szkolny&#8221; font_container=&#8221;tag:h2|text_align:center|color:%231E73BE&#8221; use_theme_fonts=&#8221;yes&#8221; css=&#8221;&#8221;][\/vc_column][\/vc_row][vc_row][vc_column width=&#8221;1\/3&#8243;][\/vc_column][vc_column width=&#8221;1\/3&#8243;][\/vc_column][vc_column width=&#8221;1\/3&#8243;][\/vc_column][\/vc_row][vc_row][vc_column width=&#8221;1\/4&#8243;][\/vc_column][vc_column width=&#8221;1\/2&#8243;][vc_column_text css=&#8221;&#8221;]Zebrania z Rodzicami: 11 wrze\u015bnia 2025 r. 20 listopada 2025- dzie\u0144 otwarty 29 stycznia 2026 r. 23 kwietnia 2026 r. 28 maja 2026 r. \u2013 dzie\u0144 otwarty Dni wolne od zaj\u0119\u0107 dydaktycznych w roku szkolnym 2025\/2026 10 listopada 2025r. 2 stycznia 2026r. 5 stycznia&hellip;","og_url":"https:\/\/przeginia.edu.pl\/index.php\/kalendarz-szkolny\/","og_site_name":"Zesp&oacute;\u0142 Szk&oacute;\u0142 w Przegini","article_modified_time":"2026-02-18T17:05:42+00:00","twitter_card":"summary_large_image","twitter_misc":{"Szacowany czas czytania":"1 minuta"},"schema":{"@context":"https:\/\/schema.org","@graph":[{"@type":"WebPage","@id":"https:\/\/przeginia.edu.pl\/index.php\/kalendarz-szkolny\/","url":"https:\/\/przeginia.edu.pl\/index.php\/kalendarz-szkolny\/","name":"Kalendarz szkolny - Zesp&oacute;\u0142 Szk&oacute;\u0142 w Przegini","isPartOf":{"@id":"https:\/\/przeginia.edu.pl\/#website"},"datePublished":"2025-05-18T20:06:49+00:00","dateModified":"2026-02-18T17:05:42+00:00","breadcrumb":{"@id":"https:\/\/przeginia.edu.pl\/index.php\/kalendarz-szkolny\/#breadcrumb"},"inLanguage":"pl-PL","potentialAction":[{"@type":"ReadAction","target":["https:\/\/przeginia.edu.pl\/index.php\/kalendarz-szkolny\/"]}]},{"@type":"BreadcrumbList","@id":"https:\/\/przeginia.edu.pl\/index.php\/kalendarz-szkolny\/#breadcrumb","itemListElement":[{"@type":"ListItem","position":1,"name":"Strona g\u0142\u00f3wna","item":"https:\/\/przeginia.edu.pl\/"},{"@type":"ListItem","position":2,"name":"Kalendarz szkolny"}]},{"@type":"WebSite","@id":"https:\/\/przeginia.edu.pl\/#website","url":"https:\/\/przeginia.edu.pl\/","name":"Zesp\u00f3\u0142 Szk\u00f3\u0142 w Przegini","description":"Odwaga w dzia\u0142aniu, m\u0105dro\u015b\u0107 w nauce, serce w przyja\u017ani.","publisher":{"@id":"https:\/\/przeginia.edu.pl\/#organization"},"potentialAction":[{"@type":"SearchAction","target":{"@type":"EntryPoint","urlTemplate":"https:\/\/przeginia.edu.pl\/?s={search_term_string}"},"query-input":{"@type":"PropertyValueSpecification","valueRequired":true,"valueName":"search_term_string"}}],"inLanguage":"pl-PL"},{"@type":"Organization","@id":"https:\/\/przeginia.edu.pl\/#organization","name":"Zesp\u00f3\u0142 Szk\u00f3\u0142 w Przegini","url":"https:\/\/przeginia.edu.pl\/","logo":{"@type":"ImageObject","inLanguage":"pl-PL","@id":"https:\/\/przeginia.edu.pl\/#\/schema\/logo\/image\/","url":"https:\/\/przeginia.edu.pl\/wp-content\/uploads\/2026\/02\/log-100.png","contentUrl":"https:\/\/przeginia.edu.pl\/wp-content\/uploads\/2026\/02\/log-100.png","width":470,"height":100,"caption":"Zesp\u00f3\u0142 Szk\u00f3\u0142 w Przegini"},"image":{"@id":"https:\/\/przeginia.edu.pl\/#\/schema\/logo\/image\/"}}]}},"_links":{"self":[{"href":"https:\/\/przeginia.edu.pl\/index.php\/wp-json\/wp\/v2\/pages\/2224","targetHints":{"allow":["GET"]}}],"collection":[{"href":"https:\/\/przeginia.edu.pl\/index.php\/wp-json\/wp\/v2\/pages"}],"about":[{"href":"https:\/\/przeginia.edu.pl\/index.php\/wp-json\/wp\/v2\/types\/page"}],"author":[{"embeddable":true,"href":"https:\/\/przeginia.edu.pl\/index.php\/wp-json\/wp\/v2\/users\/1"}],"replies":[{"embeddable":true,"href":"https:\/\/przeginia.edu.pl\/index.php\/wp-json\/wp\/v2\/comments?post=2224"}],"version-history":[{"count":7,"href":"https:\/\/przeginia.edu.pl\/index.php\/wp-json\/wp\/v2\/pages\/2224\/revisions"}],"predecessor-version":[{"id":3673,"href":"https:\/\/przeginia.edu.pl\/index.php\/wp-json\/wp\/v2\/pages\/2224\/revisions\/3673"}],"wp:attachment":[{"href":"https:\/\/przeginia.edu.pl\/index.php\/wp-json\/wp\/v2\/media?parent=2224"}],"curies":[{"name":"wp","href":"https:\/\/api.w.org\/{rel}","templated":true}]}}