{"version":"1.0","provider_name":"Zesp&oacute;\u0142 Szk&oacute;\u0142 w Przegini","provider_url":"https:\/\/przeginia.edu.pl","author_name":"Katarzyna Tyliba","author_url":"https:\/\/przeginia.edu.pl\/index.php\/author\/katarzyna\/","title":"Letni piknik w naszym przedszkolu - Zesp&oacute;\u0142 Szk&oacute;\u0142 w Przegini","type":"rich","width":600,"height":338,"html":"<blockquote class=\"wp-embedded-content\" data-secret=\"TMqdEBoL3H\"><a href=\"https:\/\/przeginia.edu.pl\/index.php\/2026\/06\/22\/miedzynarodowe-akcja-czytanie-na-dywanie\/\">Letni piknik w naszym przedszkolu<\/a><\/blockquote><iframe sandbox=\"allow-scripts\" security=\"restricted\" src=\"https:\/\/przeginia.edu.pl\/index.php\/2026\/06\/22\/miedzynarodowe-akcja-czytanie-na-dywanie\/embed\/#?secret=TMqdEBoL3H\" width=\"600\" height=\"338\" title=\"&#8222;Letni piknik w naszym przedszkolu&#8221; &#8212; Zesp&oacute;\u0142 Szk&oacute;\u0142 w Przegini\" data-secret=\"TMqdEBoL3H\" frameborder=\"0\" marginwidth=\"0\" marginheight=\"0\" scrolling=\"no\" class=\"wp-embedded-content\"><\/iframe><script>\n\/*! This file is auto-generated *\/\n!function(d,l){\"use strict\";l.querySelector&&d.addEventListener&&\"undefined\"!=typeof URL&&(d.wp=d.wp||{},d.wp.receiveEmbedMessage||(d.wp.receiveEmbedMessage=function(e){var t=e.data;if((t||t.secret||t.message||t.value)&&!\/[^a-zA-Z0-9]\/.test(t.secret)){for(var s,r,n,a=l.querySelectorAll('iframe[data-secret=\"'+t.secret+'\"]'),o=l.querySelectorAll('blockquote[data-secret=\"'+t.secret+'\"]'),c=new RegExp(\"^https?:$\",\"i\"),i=0;i<o.length;i++)o[i].style.display=\"none\";for(i=0;i<a.length;i++)s=a[i],e.source===s.contentWindow&&(s.removeAttribute(\"style\"),\"height\"===t.message?(1e3<(r=parseInt(t.value,10))?r=1e3:~~r<200&&(r=200),s.height=r):\"link\"===t.message&&(r=new URL(s.getAttribute(\"src\")),n=new URL(t.value),c.test(n.protocol))&&n.host===r.host&&l.activeElement===s&&(d.top.location.href=t.value))}},d.addEventListener(\"message\",d.wp.receiveEmbedMessage,!1),l.addEventListener(\"DOMContentLoaded\",function(){for(var e,t,s=l.querySelectorAll(\"iframe.wp-embedded-content\"),r=0;r<s.length;r++)(t=(e=s[r]).getAttribute(\"data-secret\"))||(t=Math.random().toString(36).substring(2,12),e.src+=\"#?secret=\"+t,e.setAttribute(\"data-secret\",t)),e.contentWindow.postMessage({message:\"ready\",secret:t},\"*\")},!1)))}(window,document);\n\/\/# sourceURL=https:\/\/przeginia.edu.pl\/wp-includes\/js\/wp-embed.min.js\n<\/script>\n","thumbnail_url":"https:\/\/przeginia.edu.pl\/wp-content\/uploads\/2026\/06\/95948bfc-efa5-4ea4-91be-d3bebd1d88ae.jpg","thumbnail_width":2048,"thumbnail_height":1536,"description":"[vc_row][vc_column][vc_media_grid grid_id=&#8221;vc_gid:1782417011227-18a26e43-3b14-7&#8243;][vc_column_text] Wczoraj wzi\u0119li\u015bmy udzia\u0142 w Mi\u0119dzynarodowej Akcji ,,Czytanie na polanie&#8221;. Spotkanie odby\u0142o si\u0119 na \u015bwie\u017cym powietrzu, w mi\u0142ej atmosferze . Dzieci z du\u017cym zainteresowaniem s\u0142ucha\u0142y ba\u015bni i wierszy czytanych przez naszych go\u015bci. By\u0142 to wyj\u0105tkowy czas sp\u0119dzony na \u0142onie natury, kt\u00f3ry pokaza\u0142, \u017ce czytanie mo\u017ce by\u0107 wspania\u0142\u0105 przygod\u0105 i \u017ar\u00f3d\u0142em wielu rado\u015bci. Dzi\u0119kujemy wszystkim&hellip;"}

Zesp&oacute;ł Szk&oacute;ł w Przegini

Letni piknik w naszym przedszkolu - Zesp&oacute;ł Szk&oacute;ł w Przegini

<blockquote class="wp-embedded-content" data-secret="TMqdEBoL3H"><a href="https://przeginia.edu.pl/index.php/2026/06/22/miedzynarodowe-akcja-czytanie-na-dywanie/">Letni piknik w naszym przedszkolu</a></blockquote><iframe sandbox="allow-scripts" security="restricted" src="https://przeginia.edu.pl/index.php/2026/06/22/miedzynarodowe-akcja-czytanie-na-dywanie/embed/#?secret=TMqdEBoL3H" width="600" height="338" title="&#8222;Letni piknik w naszym przedszkolu&#8221; &#8212; Zesp&oacute;ł Szk&oacute;ł w Przegini" data-secret="TMqdEBoL3H" frameborder="0" marginwidth="0" marginheight="0" scrolling="no" class="wp-embedded-content"></iframe><script>
/*! This file is auto-generated */
!function(d,l){"use strict";l.querySelector&&d.addEventListener&&"undefined"!=typeof URL&&(d.wp=d.wp||{},d.wp.receiveEmbedMessage||(d.wp.receiveEmbedMessage=function(e){var t=e.data;if((t||t.secret||t.message||t.value)&&!/[^a-zA-Z0-9]/.test(t.secret)){for(var s,r,n,a=l.querySelectorAll('iframe[data-secret="'+t.secret+'"]'),o=l.querySelectorAll('blockquote[data-secret="'+t.secret+'"]'),c=new RegExp("^https?:$","i"),i=0;i<o.length;i++)o[i].style.display="none";for(i=0;i<a.length;i++)s=a[i],e.source===s.contentWindow&&(s.removeAttribute("style"),"height"===t.message?(1e3<(r=parseInt(t.value,10))?r=1e3:~~r<200&&(r=200),s.height=r):"link"===t.message&&(r=new URL(s.getAttribute("src")),n=new URL(t.value),c.test(n.protocol))&&n.host===r.host&&l.activeElement===s&&(d.top.location.href=t.value))}},d.addEventListener("message",d.wp.receiveEmbedMessage,!1),l.addEventListener("DOMContentLoaded",function(){for(var e,t,s=l.querySelectorAll("iframe.wp-embedded-content"),r=0;r<s.length;r++)(t=(e=s[r]).getAttribute("data-secret"))||(t=Math.random().toString(36).substring(2,12),e.src+="#?secret="+t,e.setAttribute("data-secret",t)),e.contentWindow.postMessage({message:"ready",secret:t},"*")},!1)))}(window,document);
//# sourceURL=https://przeginia.edu.pl/wp-includes/js/wp-embed.min.js
</script>

[vc_row][vc_column][vc_media_grid grid_id=&#8221;vc_gid:1782417011227-18a26e43-3b14-7&#8243;][vc_column_text] Wczoraj wzięliśmy udział w Międzynarodowej Akcji ,,Czytanie na polanie&#8221;. Spotkanie odbyło się na świeżym powietrzu, w miłej atmosferze . Dzieci z dużym zainteresowaniem słuchały baśni i wierszy czytanych przez naszych gości. Był to wyjątkowy czas spędzony na łonie natury, który pokazał, że czytanie może być wspaniałą przygodą i źródłem wielu radości. Dziękujemy wszystkim&hellip;
